{"id":4039,"date":"2023-08-15T03:15:41","date_gmt":"2023-08-15T03:15:41","guid":{"rendered":"https:\/\/www.eliott-markus.com\/reference\/creation-de-la-web-serie-level-up-dans-le-cadre-de-la-reforme-sur-la-facturation-electronique\/"},"modified":"2023-08-28T17:22:13","modified_gmt":"2023-08-28T17:22:13","slug":"creation-de-la-web-serie-level-up-dans-le-cadre-de-la-reforme-sur-la-facturation-electronique","status":"publish","type":"reference","link":"https:\/\/www.eliott-markus.com\/en\/reference\/creation-de-la-web-serie-level-up-dans-le-cadre-de-la-reforme-sur-la-facturation-electronique\/","title":{"rendered":"&#8220;Level Up: The Web series that demystifies electronic invoicing reform"},"content":{"rendered":"\n<p>As well as being a group of chartered accountants, Audecia is above all a group of responsive professionals who are keen to provide their clients with the best possible support in meeting the various challenges that entrepreneurs face on a day-to-day basis. And speaking of challenges, 2023 has set the pace! The reform of electronic invoicing, which will come into effect in 2024, is the subject of much debate and is a source of concern for entrepreneurs, who are sometimes at a loss as to how to deal with this new transition.<\/p>\n","protected":false},"author":2,"featured_media":3581,"template":"","class_list":["post-4039","reference","type-reference","status-publish","has-post-thumbnail","hentry"],"acf":[],"yoast_head":"<!-- This site is optimized with the Yoast SEO plugin v27.3 - https:\/\/yoast.com\/product\/yoast-seo-wordpress\/ -->\n<title>Nos r\u00e9f\u00e9rences | Strat\u00e9gie d\u2019influence pour un cabinet d&#039;avocats | eliott &amp; markus<\/title>\n<meta name=\"description\" content=\"Mise en place tous les 6 mois d\u2019une strat\u00e9gie d\u2019influence (relations presse, knowledge management, relations publiques, etc.)\" \/>\n<meta name=\"robots\" content=\"index, follow, max-snippet:-1, max-image-preview:large, max-video-preview:-1\" \/>\n<link rel=\"canonical\" href=\"https:\/\/www.eliott-markus.com\/en\/reference\/creation-de-la-web-serie-level-up-dans-le-cadre-de-la-reforme-sur-la-facturation-electronique\/\" \/>\n<meta property=\"og:locale\" content=\"en_US\" \/>\n<meta property=\"og:type\" content=\"article\" \/>\n<meta property=\"og:title\" content=\"Nos r\u00e9f\u00e9rences | Strat\u00e9gie d\u2019influence pour un cabinet d&#039;avocats | eliott &amp; markus\" \/>\n<meta property=\"og:description\" content=\"Mise en place tous les 6 mois d\u2019une strat\u00e9gie d\u2019influence (relations presse, knowledge management, relations publiques, etc.)\" \/>\n<meta property=\"og:url\" content=\"https:\/\/www.eliott-markus.com\/en\/reference\/creation-de-la-web-serie-level-up-dans-le-cadre-de-la-reforme-sur-la-facturation-electronique\/\" \/>\n<meta property=\"og:site_name\" content=\"eliott &amp; markus\" \/>\n<meta property=\"article:modified_time\" content=\"2023-08-28T17:22:13+00:00\" \/>\n<meta property=\"og:image\" content=\"https:\/\/www.eliott-markus.com\/wp-content\/uploads\/2023\/08\/CoverAudecia.png\" \/>\n\t<meta property=\"og:image:width\" content=\"1196\" \/>\n\t<meta property=\"og:image:height\" content=\"632\" \/>\n\t<meta property=\"og:image:type\" content=\"image\/png\" \/>\n<meta name=\"twitter:card\" content=\"summary_large_image\" \/>\n<meta name=\"twitter:label1\" content=\"Est. reading time\" \/>\n\t<meta name=\"twitter:data1\" content=\"1 minute\" \/>\n<!-- \/ Yoast SEO plugin. -->","yoast_head_json":{"title":"Nos r\u00e9f\u00e9rences | Strat\u00e9gie d\u2019influence pour un cabinet d'avocats | eliott & markus","description":"Mise en place tous les 6 mois d\u2019une strat\u00e9gie d\u2019influence (relations presse, knowledge management, relations publiques, etc.)","robots":{"index":"index","follow":"follow","max-snippet":"max-snippet:-1","max-image-preview":"max-image-preview:large","max-video-preview":"max-video-preview:-1"},"canonical":"https:\/\/www.eliott-markus.com\/en\/reference\/creation-de-la-web-serie-level-up-dans-le-cadre-de-la-reforme-sur-la-facturation-electronique\/","og_locale":"en_US","og_type":"article","og_title":"Nos r\u00e9f\u00e9rences | Strat\u00e9gie d\u2019influence pour un cabinet d'avocats | eliott & markus","og_description":"Mise en place tous les 6 mois d\u2019une strat\u00e9gie d\u2019influence (relations presse, knowledge management, relations publiques, etc.)","og_url":"https:\/\/www.eliott-markus.com\/en\/reference\/creation-de-la-web-serie-level-up-dans-le-cadre-de-la-reforme-sur-la-facturation-electronique\/","og_site_name":"eliott &amp; markus","article_modified_time":"2023-08-28T17:22:13+00:00","og_image":[{"width":1196,"height":632,"url":"https:\/\/www.eliott-markus.com\/wp-content\/uploads\/2023\/08\/CoverAudecia.png","type":"image\/png"}],"twitter_card":"summary_large_image","twitter_misc":{"Est. reading time":"1 minute"},"schema":{"@context":"https:\/\/schema.org","@graph":[{"@type":"WebPage","@id":"https:\/\/www.eliott-markus.com\/en\/reference\/creation-de-la-web-serie-level-up-dans-le-cadre-de-la-reforme-sur-la-facturation-electronique\/","url":"https:\/\/www.eliott-markus.com\/en\/reference\/creation-de-la-web-serie-level-up-dans-le-cadre-de-la-reforme-sur-la-facturation-electronique\/","name":"Nos r\u00e9f\u00e9rences | Strat\u00e9gie d\u2019influence pour un cabinet d'avocats | eliott & markus","isPartOf":{"@id":"https:\/\/www.eliott-markus.com\/#website"},"primaryImageOfPage":{"@id":"https:\/\/www.eliott-markus.com\/en\/reference\/creation-de-la-web-serie-level-up-dans-le-cadre-de-la-reforme-sur-la-facturation-electronique\/#primaryimage"},"image":{"@id":"https:\/\/www.eliott-markus.com\/en\/reference\/creation-de-la-web-serie-level-up-dans-le-cadre-de-la-reforme-sur-la-facturation-electronique\/#primaryimage"},"thumbnailUrl":"https:\/\/www.eliott-markus.com\/wp-content\/uploads\/2023\/08\/CoverAudecia.png","datePublished":"2023-08-15T03:15:41+00:00","dateModified":"2023-08-28T17:22:13+00:00","description":"Mise en place tous les 6 mois d\u2019une strat\u00e9gie d\u2019influence (relations presse, knowledge management, relations publiques, etc.)","inLanguage":"en-US","potentialAction":[{"@type":"ReadAction","target":["https:\/\/www.eliott-markus.com\/en\/reference\/creation-de-la-web-serie-level-up-dans-le-cadre-de-la-reforme-sur-la-facturation-electronique\/"]}]},{"@type":"ImageObject","inLanguage":"en-US","@id":"https:\/\/www.eliott-markus.com\/en\/reference\/creation-de-la-web-serie-level-up-dans-le-cadre-de-la-reforme-sur-la-facturation-electronique\/#primaryimage","url":"https:\/\/www.eliott-markus.com\/wp-content\/uploads\/2023\/08\/CoverAudecia.png","contentUrl":"https:\/\/www.eliott-markus.com\/wp-content\/uploads\/2023\/08\/CoverAudecia.png","width":1196,"height":632},{"@type":"WebSite","@id":"https:\/\/www.eliott-markus.com\/#website","url":"https:\/\/www.eliott-markus.com\/","name":"eliott & markus","description":"","publisher":{"@id":"https:\/\/www.eliott-markus.com\/#organization"},"potentialAction":[{"@type":"SearchAction","target":{"@type":"EntryPoint","urlTemplate":"https:\/\/www.eliott-markus.com\/?s={search_term_string}"},"query-input":{"@type":"PropertyValueSpecification","valueRequired":true,"valueName":"search_term_string"}}],"inLanguage":"en-US"},{"@type":"Organization","@id":"https:\/\/www.eliott-markus.com\/#organization","name":"eliott & markus","url":"https:\/\/www.eliott-markus.com\/","logo":{"@type":"ImageObject","inLanguage":"en-US","@id":"https:\/\/www.eliott-markus.com\/#\/schema\/logo\/image\/","url":"https:\/\/www.eliott-markus.com\/wp-content\/uploads\/2023\/06\/cropped-em_fav_2-1.png","contentUrl":"https:\/\/www.eliott-markus.com\/wp-content\/uploads\/2023\/06\/cropped-em_fav_2-1.png","width":512,"height":512,"caption":"eliott & markus"},"image":{"@id":"https:\/\/www.eliott-markus.com\/#\/schema\/logo\/image\/"}}]}},"_links":{"self":[{"href":"https:\/\/www.eliott-markus.com\/en\/wp-json\/wp\/v2\/reference\/4039","targetHints":{"allow":["GET"]}}],"collection":[{"href":"https:\/\/www.eliott-markus.com\/en\/wp-json\/wp\/v2\/reference"}],"about":[{"href":"https:\/\/www.eliott-markus.com\/en\/wp-json\/wp\/v2\/types\/reference"}],"author":[{"embeddable":true,"href":"https:\/\/www.eliott-markus.com\/en\/wp-json\/wp\/v2\/users\/2"}],"version-history":[{"count":3,"href":"https:\/\/www.eliott-markus.com\/en\/wp-json\/wp\/v2\/reference\/4039\/revisions"}],"predecessor-version":[{"id":4043,"href":"https:\/\/www.eliott-markus.com\/en\/wp-json\/wp\/v2\/reference\/4039\/revisions\/4043"}],"wp:featuredmedia":[{"embeddable":true,"href":"https:\/\/www.eliott-markus.com\/en\/wp-json\/wp\/v2\/media\/3581"}],"wp:attachment":[{"href":"https:\/\/www.eliott-markus.com\/en\/wp-json\/wp\/v2\/media?parent=4039"}],"curies":[{"name":"wp","href":"https:\/\/api.w.org\/{rel}","templated":true}]}}

<!-- This site is optimized with the Yoast SEO plugin v27.3 - https://yoast.com/product/yoast-seo-wordpress/ -->
<title>Nos références | Stratégie d’influence pour un cabinet d&#039;avocats | eliott &amp; markus</title>
<meta name="description" content="Mise en place tous les 6 mois d’une stratégie d’influence (relations presse, knowledge management, relations publiques, etc.)" />
<meta name="robots" content="index, follow, max-snippet:-1, max-image-preview:large, max-video-preview:-1" />
<link rel="canonical" href="https://www.eliott-markus.com/en/reference/creation-de-la-web-serie-level-up-dans-le-cadre-de-la-reforme-sur-la-facturation-electronique/" />
<meta property="og:locale" content="en_US" />
<meta property="og:type" content="article" />
<meta property="og:title" content="Nos références | Stratégie d’influence pour un cabinet d&#039;avocats | eliott &amp; markus" />
<meta property="og:description" content="Mise en place tous les 6 mois d’une stratégie d’influence (relations presse, knowledge management, relations publiques, etc.)" />
<meta property="og:url" content="https://www.eliott-markus.com/en/reference/creation-de-la-web-serie-level-up-dans-le-cadre-de-la-reforme-sur-la-facturation-electronique/" />
<meta property="og:site_name" content="eliott &amp; markus" />
<meta property="article:modified_time" content="2023-08-28T17:22:13+00:00" />
<meta property="og:image" content="https://www.eliott-markus.com/wp-content/uploads/2023/08/CoverAudecia.png" />
	<meta property="og:image:width" content="1196" />
	<meta property="og:image:height" content="632" />
	<meta property="og:image:type" content="image/png" />
<meta name="twitter:card" content="summary_large_image" />
<meta name="twitter:label1" content="Est. reading time" />
	<meta name="twitter:data1" content="1 minute" />
<!-- / Yoast SEO plugin. -->

Nos références | Stratégie d’influence pour un cabinet d'avocats | eliott & markus

Mise en place tous les 6 mois d’une stratégie d’influence (relations presse, knowledge management, relations publiques, etc.)
