{"id":890,"date":"2023-06-11T21:55:26","date_gmt":"2023-06-11T21:55:26","guid":{"rendered":"https:\/\/em-corporate.eliott-markus.cloud\/?post_type=reference&#038;p=890"},"modified":"2023-08-31T15:05:45","modified_gmt":"2023-08-31T15:05:45","slug":"branding-et-communication-interne-pour-vaughan-avocats","status":"publish","type":"reference","link":"https:\/\/www.eliott-markus.com\/en\/reference\/branding-et-communication-interne-pour-vaughan-avocats\/","title":{"rendered":"Branding et communication interne pour Vaughan Avocats"},"content":{"rendered":"\n<p>Vaughan, marque juridique historique du march\u00e9 juridique, a fait appel \u00e0 notre agence pour moderniser son image de marque tout en restant fid\u00e8le \u00e0 son ADN et sa posture de conseil. Notre objectif \u00e9tait de cr\u00e9er un positionnement de communication fort et coh\u00e9rent avec la marque, utilisant la devise \u00ab&nbsp;Unlock the full potential&nbsp;\u00bb.<\/p>\n\n\n\n<p><\/p>\n","protected":false},"author":7,"featured_media":4243,"template":"","class_list":["post-890","reference","type-reference","status-publish","has-post-thumbnail","hentry"],"acf":[],"yoast_head":"<!-- This site is optimized with the Yoast SEO plugin v27.3 - https:\/\/yoast.com\/product\/yoast-seo-wordpress\/ -->\n<title>Branding et communication interne pour Vaughan Avocats - eliott &amp; markus<\/title>\n<meta name=\"robots\" content=\"index, follow, max-snippet:-1, max-image-preview:large, max-video-preview:-1\" \/>\n<link rel=\"canonical\" href=\"https:\/\/www.eliott-markus.com\/reference\/branding-et-communication-interne-pour-vaughan-avocats\/\" \/>\n<meta property=\"og:locale\" content=\"en_US\" \/>\n<meta property=\"og:type\" content=\"article\" \/>\n<meta property=\"og:title\" content=\"Branding et communication interne pour Vaughan Avocats - eliott &amp; markus\" \/>\n<meta property=\"og:description\" content=\"Vaughan, marque juridique historique du march\u00e9 juridique, a fait appel \u00e0 notre agence pour moderniser son image de marque tout en restant fid\u00e8le \u00e0 son ADN et sa posture de conseil. Notre objectif \u00e9tait de cr\u00e9er un positionnement de communication fort et coh\u00e9rent avec la marque, utilisant la devise \u00ab&nbsp;Unlock the full potential&nbsp;\u00bb.\" \/>\n<meta property=\"og:url\" content=\"https:\/\/www.eliott-markus.com\/reference\/branding-et-communication-interne-pour-vaughan-avocats\/\" \/>\n<meta property=\"og:site_name\" content=\"eliott &amp; markus\" \/>\n<meta property=\"article:modified_time\" content=\"2023-08-31T15:05:45+00:00\" \/>\n<meta property=\"og:image\" content=\"https:\/\/www.eliott-markus.com\/wp-content\/uploads\/2023\/06\/Groupe-1892@2x-min-1024x541.png\" \/>\n\t<meta property=\"og:image:width\" content=\"1024\" \/>\n\t<meta property=\"og:image:height\" content=\"541\" \/>\n\t<meta property=\"og:image:type\" content=\"image\/png\" \/>\n<meta name=\"twitter:card\" content=\"summary_large_image\" \/>\n<meta name=\"twitter:label1\" content=\"Est. reading time\" \/>\n\t<meta name=\"twitter:data1\" content=\"1 minute\" \/>\n<!-- \/ Yoast SEO plugin. -->","yoast_head_json":{"title":"Branding et communication interne pour Vaughan Avocats - eliott &amp; markus","robots":{"index":"index","follow":"follow","max-snippet":"max-snippet:-1","max-image-preview":"max-image-preview:large","max-video-preview":"max-video-preview:-1"},"canonical":"https:\/\/www.eliott-markus.com\/reference\/branding-et-communication-interne-pour-vaughan-avocats\/","og_locale":"en_US","og_type":"article","og_title":"Branding et communication interne pour Vaughan Avocats - eliott &amp; markus","og_description":"Vaughan, marque juridique historique du march\u00e9 juridique, a fait appel \u00e0 notre agence pour moderniser son image de marque tout en restant fid\u00e8le \u00e0 son ADN et sa posture de conseil. Notre objectif \u00e9tait de cr\u00e9er un positionnement de communication fort et coh\u00e9rent avec la marque, utilisant la devise \u00ab&nbsp;Unlock the full potential&nbsp;\u00bb.","og_url":"https:\/\/www.eliott-markus.com\/reference\/branding-et-communication-interne-pour-vaughan-avocats\/","og_site_name":"eliott &amp; markus","article_modified_time":"2023-08-31T15:05:45+00:00","og_image":[{"width":1024,"height":541,"url":"https:\/\/www.eliott-markus.com\/wp-content\/uploads\/2023\/06\/Groupe-1892@2x-min-1024x541.png","type":"image\/png"}],"twitter_card":"summary_large_image","twitter_misc":{"Est. reading time":"1 minute"},"schema":{"@context":"https:\/\/schema.org","@graph":[{"@type":"WebPage","@id":"https:\/\/www.eliott-markus.com\/reference\/branding-et-communication-interne-pour-vaughan-avocats\/","url":"https:\/\/www.eliott-markus.com\/reference\/branding-et-communication-interne-pour-vaughan-avocats\/","name":"Branding et communication interne pour Vaughan Avocats - eliott &amp; markus","isPartOf":{"@id":"https:\/\/www.eliott-markus.com\/#website"},"primaryImageOfPage":{"@id":"https:\/\/www.eliott-markus.com\/reference\/branding-et-communication-interne-pour-vaughan-avocats\/#primaryimage"},"image":{"@id":"https:\/\/www.eliott-markus.com\/reference\/branding-et-communication-interne-pour-vaughan-avocats\/#primaryimage"},"thumbnailUrl":"https:\/\/www.eliott-markus.com\/wp-content\/uploads\/2023\/06\/Groupe-1892@2x-min.png","datePublished":"2023-06-11T21:55:26+00:00","dateModified":"2023-08-31T15:05:45+00:00","inLanguage":"en-US","potentialAction":[{"@type":"ReadAction","target":["https:\/\/www.eliott-markus.com\/reference\/branding-et-communication-interne-pour-vaughan-avocats\/"]}]},{"@type":"ImageObject","inLanguage":"en-US","@id":"https:\/\/www.eliott-markus.com\/reference\/branding-et-communication-interne-pour-vaughan-avocats\/#primaryimage","url":"https:\/\/www.eliott-markus.com\/wp-content\/uploads\/2023\/06\/Groupe-1892@2x-min.png","contentUrl":"https:\/\/www.eliott-markus.com\/wp-content\/uploads\/2023\/06\/Groupe-1892@2x-min.png","width":2392,"height":1264},{"@type":"WebSite","@id":"https:\/\/www.eliott-markus.com\/#website","url":"https:\/\/www.eliott-markus.com\/","name":"eliott & markus","description":"","publisher":{"@id":"https:\/\/www.eliott-markus.com\/#organization"},"potentialAction":[{"@type":"SearchAction","target":{"@type":"EntryPoint","urlTemplate":"https:\/\/www.eliott-markus.com\/?s={search_term_string}"},"query-input":{"@type":"PropertyValueSpecification","valueRequired":true,"valueName":"search_term_string"}}],"inLanguage":"en-US"},{"@type":"Organization","@id":"https:\/\/www.eliott-markus.com\/#organization","name":"eliott & markus","url":"https:\/\/www.eliott-markus.com\/","logo":{"@type":"ImageObject","inLanguage":"en-US","@id":"https:\/\/www.eliott-markus.com\/#\/schema\/logo\/image\/","url":"https:\/\/www.eliott-markus.com\/wp-content\/uploads\/2023\/06\/cropped-em_fav_2-1.png","contentUrl":"https:\/\/www.eliott-markus.com\/wp-content\/uploads\/2023\/06\/cropped-em_fav_2-1.png","width":512,"height":512,"caption":"eliott & markus"},"image":{"@id":"https:\/\/www.eliott-markus.com\/#\/schema\/logo\/image\/"}}]}},"_links":{"self":[{"href":"https:\/\/www.eliott-markus.com\/en\/wp-json\/wp\/v2\/reference\/890","targetHints":{"allow":["GET"]}}],"collection":[{"href":"https:\/\/www.eliott-markus.com\/en\/wp-json\/wp\/v2\/reference"}],"about":[{"href":"https:\/\/www.eliott-markus.com\/en\/wp-json\/wp\/v2\/types\/reference"}],"author":[{"embeddable":true,"href":"https:\/\/www.eliott-markus.com\/en\/wp-json\/wp\/v2\/users\/7"}],"version-history":[{"count":9,"href":"https:\/\/www.eliott-markus.com\/en\/wp-json\/wp\/v2\/reference\/890\/revisions"}],"predecessor-version":[{"id":4249,"href":"https:\/\/www.eliott-markus.com\/en\/wp-json\/wp\/v2\/reference\/890\/revisions\/4249"}],"wp:featuredmedia":[{"embeddable":true,"href":"https:\/\/www.eliott-markus.com\/en\/wp-json\/wp\/v2\/media\/4243"}],"wp:attachment":[{"href":"https:\/\/www.eliott-markus.com\/en\/wp-json\/wp\/v2\/media?parent=890"}],"curies":[{"name":"wp","href":"https:\/\/api.w.org\/{rel}","templated":true}]}}

<p>Vaughan, marque juridique historique du marché juridique, a fait appel à notre agence pour moderniser son image de marque tout en restant fidèle à son ADN et sa posture de conseil. Notre objectif était de créer un positionnement de communication fort et cohérent avec la marque, utilisant la devise «&nbsp;Unlock the full potential&nbsp;».</p>



<p></p>

<!-- This site is optimized with the Yoast SEO plugin v27.3 - https://yoast.com/product/yoast-seo-wordpress/ -->
<title>Branding et communication interne pour Vaughan Avocats - eliott &amp; markus</title>
<meta name="robots" content="index, follow, max-snippet:-1, max-image-preview:large, max-video-preview:-1" />
<link rel="canonical" href="https://www.eliott-markus.com/reference/branding-et-communication-interne-pour-vaughan-avocats/" />
<meta property="og:locale" content="en_US" />
<meta property="og:type" content="article" />
<meta property="og:title" content="Branding et communication interne pour Vaughan Avocats - eliott &amp; markus" />
<meta property="og:description" content="Vaughan, marque juridique historique du marché juridique, a fait appel à notre agence pour moderniser son image de marque tout en restant fidèle à son ADN et sa posture de conseil. Notre objectif était de créer un positionnement de communication fort et cohérent avec la marque, utilisant la devise «&nbsp;Unlock the full potential&nbsp;»." />
<meta property="og:url" content="https://www.eliott-markus.com/reference/branding-et-communication-interne-pour-vaughan-avocats/" />
<meta property="og:site_name" content="eliott &amp; markus" />
<meta property="article:modified_time" content="2023-08-31T15:05:45+00:00" />
<meta property="og:image" content="https://www.eliott-markus.com/wp-content/uploads/2023/06/Groupe-1892@2x-min-1024x541.png" />
	<meta property="og:image:width" content="1024" />
	<meta property="og:image:height" content="541" />
	<meta property="og:image:type" content="image/png" />
<meta name="twitter:card" content="summary_large_image" />
<meta name="twitter:label1" content="Est. reading time" />
	<meta name="twitter:data1" content="1 minute" />
<!-- / Yoast SEO plugin. -->

Vaughan, marque juridique historique du marché juridique, a fait appel à notre agence pour moderniser son image de marque tout en restant fidèle à son ADN et sa posture de conseil. Notre objectif était de créer un positionnement de communication fort et cohérent avec la marque, utilisant la devise «&nbsp;Unlock the full potential&nbsp;».
