{"id":1756,"date":"2019-12-12T17:16:00","date_gmt":"2019-12-12T17:16:00","guid":{"rendered":"https:\/\/www.eliott-markus.com\/wilo\/forum-legaltech\/"},"modified":"2023-11-13T14:27:39","modified_gmt":"2023-11-13T14:27:39","slug":"forum-legaltech","status":"publish","type":"wilo","link":"https:\/\/www.eliott-markus.com\/en\/wilo\/forum-legaltech\/","title":{"rendered":"4e Village de la Legaltech : l\u2019\u00e2ge de raison"},"content":{"rendered":"\n<p class=\"wp-block-paragraph\"><strong>Temps de lecture : 1\u201940\u2019\u2019<\/strong><\/p>\n\n\n\n<h2 class=\"wp-block-heading\">Pour sa quatri\u00e8me \u00e9dition, le Village de La legal tech confirme son statut d\u2019\u00e9v\u00e9nement incontournable, avec pr\u00e8s de 3600 visiteurs et plus de 150 legal tech pr\u00e9sentes.<\/h2>\n\n\n\n<p class=\"wp-block-paragraph\">Carrefour des acteurs de l\u2019innovation juridique, le Village est l\u2019occasion de faire un point d\u2019\u00e9tape dans la transition digitale, mais aussi d\u2019ouvrir le champ des r\u00e9flexions sur les nouvelles pratiques et autres innovations manag\u00e9riales du secteur juridique.<\/p>\n\n\n\n<p class=\"wp-block-paragraph\">L\u2019\u00e9volution des mentalit\u00e9s vis-\u00e0-vis de l\u2019apparition est aussi palpable, alors que les acteurs publics et priv\u00e9s se font de plus en plus nombreux pour tirer parti et prendre position sur ces nouveaux enjeux.<\/p>\n\n\n\n<h3 class=\"wp-block-heading\"><strong>L\u2019av\u00e8nement du juriste augment\u00e9<\/strong><\/h3>\n\n\n\n<p class=\"wp-block-paragraph\">Les juristes ont pris conscience de la n\u00e9cessaire transformation de leur m\u00e9tier. D\u2019abord sceptiques, les directions juridiques sont maintenant omnipr\u00e9sentes sur le front des legal tech, \u00e0 la recherche d\u2019outils qui leur permettront une meilleure gestion de leurs contrats et une meilleure analyse des donn\u00e9es de l\u2019entreprise.<\/p>\n\n\n\n<p class=\"wp-block-paragraph\">Mais au-del\u00e0 de la tech, les directions juridiques viennent en nombre pour chercher une r\u00e9ponse concr\u00e8te \u00e0 l\u2019\u00e9pineuse question&nbsp;: \u00e0 quoi ressemblera mon m\u00e9tier demain&nbsp;?<\/p>\n\n\n\n<p class=\"wp-block-paragraph\">Cette r\u00e9ponse, le Village l\u2019esquisse \u00e0 travers la notion de juriste augment\u00e9. Un professionnel du droit polyvalent, multi-casquette, capable d\u2019optimiser son travail de fond par la bonne utilisation des nouveaux outils tech, et de se concentrer sur de nouvelles t\u00e2ches, plus transversales dans l\u2019entreprise, notamment dans la gestion des donn\u00e9es et dans l\u2019\u00e9laboration de la strat\u00e9gie de l\u2019entreprise.<\/p>\n\n\n\n<p class=\"wp-block-paragraph\">Pour parvenir \u00e0 l\u2019\u00e9mergence de ces nouveaux profils, la formation constitue l\u2019enjeu majeur et a donc occup\u00e9 une place centrale dans les \u00e9changes entre les participants.<\/p>\n\n\n\n<h3 class=\"wp-block-heading\"><strong>Objectif qualit\u00e9 pour les professions r\u00e9glement\u00e9es<\/strong><\/h3>\n\n\n\n<p class=\"wp-block-paragraph\">Les avocats, notaires et autres experts-comptables \u00e9taient aussi au rendez-vous, mais avec des objectifs diff\u00e9rents des juristes d\u2019entreprise. Si le b\u00e9n\u00e9fice d\u2019une meilleure productivit\u00e9 fait \u00e9videmment partie de leurs attentes, c\u2019est surtout l\u2019am\u00e9lioration de la qualit\u00e9 de service qui est vis\u00e9e par ces professions lib\u00e9rales.<\/p>\n\n\n\n<p class=\"wp-block-paragraph\">Dans un milieu concurrentiel, le recours \u00e0 la legal tech peut offrir un avantage non-n\u00e9gligeable en mati\u00e8re de relation client. En facilitant le travail de fond d\u2019abord, mais surtout en ciblant avec davantage de pr\u00e9cision les besoins inh\u00e9rents \u00e0 l\u2019environnement du client, gr\u00e2ce \u00e0 l\u2019\u00e9mergence de nouveaux outils analytiques.<\/p>\n\n\n\n<p class=\"wp-block-paragraph\">L\u2019interface avec le cabinet constitue un autre axe d\u2019am\u00e9lioration, par le recours \u00e0 des \u00e9changes plus dynamiques et plus interactifs, notamment par l\u2019adoption des m\u00e9thodes de Legal Design, toujours tr\u00e8s en vogue sur le salon. Enfin, l\u2019interprofessionnalit\u00e9 entre les acteurs juridiques pourrait \u00eatre grandement facilit\u00e9e par l\u2019adoption de nouveaux outils collaboratifs et permettrait de convaincre un nombre croissant de professionnels, encore sceptiques du bien-fond\u00e9 de cette d\u00e9marche.<\/p>\n\n\n\n<p class=\"wp-block-paragraph\">Le Village a son aura propre, c\u2019est ind\u00e9niable. Contrairement \u00e0 d\u2019autres rendez-vous juridiques, souvent d\u00e9di\u00e9s \u00e0 un corps de m\u00e9tier, le Village de la Legal Tech rassemble une large diversit\u00e9 de profils pour comprendre les craintes et les espoirs d\u2019un microcosme juridique en profonde mutation. La mixit\u00e9 entre professions traditionnels et nouveaux entrants permet d\u2019esquisser les contours d\u2019un \u00e9ventuel \u00ab&nbsp;grand&nbsp;\u00bb march\u00e9 juridique.<\/p>\n\n\n\n<p class=\"wp-block-paragraph\"><\/p>\n","protected":false},"author":11,"featured_media":0,"template":"","categories":[223],"tags":[26],"class_list":["post-1756","wilo","type-wilo","status-publish","hentry","category-strategie","tag-legaltech"],"acf":[],"yoast_head":"<!-- This site is optimized with the Yoast SEO plugin v27.7 - https:\/\/yoast.com\/product\/yoast-seo-wordpress\/ -->\n<title>4e Village de la Legaltech : l\u2019\u00e2ge de raison | WiLo<\/title>\n<meta name=\"description\" content=\"Pour sa quatri\u00e8me \u00e9dition, le Village de La legal tech confirme son statut d\u2019\u00e9v\u00e9nement incontournable, avec pr\u00e8s de 3600 visiteurs.\" \/>\n<meta name=\"robots\" content=\"index, follow, max-snippet:-1, max-image-preview:large, max-video-preview:-1\" \/>\n<link rel=\"canonical\" href=\"https:\/\/www.eliott-markus.com\/wilo\/forum-legaltech\/\" \/>\n<meta property=\"og:locale\" content=\"en_US\" \/>\n<meta property=\"og:type\" content=\"article\" \/>\n<meta property=\"og:title\" content=\"4e Village de la Legaltech : l\u2019\u00e2ge de raison | WiLo\" \/>\n<meta property=\"og:description\" content=\"Pour sa quatri\u00e8me \u00e9dition, le Village de La legal tech confirme son statut d\u2019\u00e9v\u00e9nement incontournable, avec pr\u00e8s de 3600 visiteurs.\" \/>\n<meta property=\"og:url\" content=\"https:\/\/www.eliott-markus.com\/wilo\/forum-legaltech\/\" \/>\n<meta property=\"og:site_name\" content=\"eliott &amp; markus\" \/>\n<meta property=\"article:modified_time\" content=\"2023-11-13T14:27:39+00:00\" \/>\n<meta name=\"twitter:card\" content=\"summary_large_image\" \/>\n<meta name=\"twitter:label1\" content=\"Est. reading time\" \/>\n\t<meta name=\"twitter:data1\" content=\"3 minutes\" \/>\n<!-- \/ Yoast SEO plugin. -->","yoast_head_json":{"title":"4e Village de la Legaltech : l\u2019\u00e2ge de raison | WiLo","description":"Pour sa quatri\u00e8me \u00e9dition, le Village de La legal tech confirme son statut d\u2019\u00e9v\u00e9nement incontournable, avec pr\u00e8s de 3600 visiteurs.","robots":{"index":"index","follow":"follow","max-snippet":"max-snippet:-1","max-image-preview":"max-image-preview:large","max-video-preview":"max-video-preview:-1"},"canonical":"https:\/\/www.eliott-markus.com\/wilo\/forum-legaltech\/","og_locale":"en_US","og_type":"article","og_title":"4e Village de la Legaltech : l\u2019\u00e2ge de raison | WiLo","og_description":"Pour sa quatri\u00e8me \u00e9dition, le Village de La legal tech confirme son statut d\u2019\u00e9v\u00e9nement incontournable, avec pr\u00e8s de 3600 visiteurs.","og_url":"https:\/\/www.eliott-markus.com\/wilo\/forum-legaltech\/","og_site_name":"eliott &amp; markus","article_modified_time":"2023-11-13T14:27:39+00:00","twitter_card":"summary_large_image","twitter_misc":{"Est. reading time":"3 minutes"},"schema":{"@context":"https:\/\/schema.org","@graph":[{"@type":"WebPage","@id":"https:\/\/www.eliott-markus.com\/wilo\/forum-legaltech\/","url":"https:\/\/www.eliott-markus.com\/wilo\/forum-legaltech\/","name":"4e Village de la Legaltech : l\u2019\u00e2ge de raison | WiLo","isPartOf":{"@id":"https:\/\/www.eliott-markus.com\/#website"},"datePublished":"2019-12-12T17:16:00+00:00","dateModified":"2023-11-13T14:27:39+00:00","description":"Pour sa quatri\u00e8me \u00e9dition, le Village de La legal tech confirme son statut d\u2019\u00e9v\u00e9nement incontournable, avec pr\u00e8s de 3600 visiteurs.","inLanguage":"en-US","potentialAction":[{"@type":"ReadAction","target":["https:\/\/www.eliott-markus.com\/wilo\/forum-legaltech\/"]}]},{"@type":"WebSite","@id":"https:\/\/www.eliott-markus.com\/#website","url":"https:\/\/www.eliott-markus.com\/","name":"eliott & markus","description":"","publisher":{"@id":"https:\/\/www.eliott-markus.com\/#organization"},"potentialAction":[{"@type":"SearchAction","target":{"@type":"EntryPoint","urlTemplate":"https:\/\/www.eliott-markus.com\/?s={search_term_string}"},"query-input":{"@type":"PropertyValueSpecification","valueRequired":true,"valueName":"search_term_string"}}],"inLanguage":"en-US"},{"@type":"Organization","@id":"https:\/\/www.eliott-markus.com\/#organization","name":"eliott & markus","url":"https:\/\/www.eliott-markus.com\/","logo":{"@type":"ImageObject","inLanguage":"en-US","@id":"https:\/\/www.eliott-markus.com\/#\/schema\/logo\/image\/","url":"https:\/\/www.eliott-markus.com\/wp-content\/uploads\/2023\/06\/cropped-em_fav_2-1.png","contentUrl":"https:\/\/www.eliott-markus.com\/wp-content\/uploads\/2023\/06\/cropped-em_fav_2-1.png","width":512,"height":512,"caption":"eliott & markus"},"image":{"@id":"https:\/\/www.eliott-markus.com\/#\/schema\/logo\/image\/"}}]}},"_links":{"self":[{"href":"https:\/\/www.eliott-markus.com\/en\/wp-json\/wp\/v2\/wilo\/1756","targetHints":{"allow":["GET"]}}],"collection":[{"href":"https:\/\/www.eliott-markus.com\/en\/wp-json\/wp\/v2\/wilo"}],"about":[{"href":"https:\/\/www.eliott-markus.com\/en\/wp-json\/wp\/v2\/types\/wilo"}],"author":[{"embeddable":true,"href":"https:\/\/www.eliott-markus.com\/en\/wp-json\/wp\/v2\/users\/11"}],"version-history":[{"count":5,"href":"https:\/\/www.eliott-markus.com\/en\/wp-json\/wp\/v2\/wilo\/1756\/revisions"}],"predecessor-version":[{"id":4602,"href":"https:\/\/www.eliott-markus.com\/en\/wp-json\/wp\/v2\/wilo\/1756\/revisions\/4602"}],"wp:attachment":[{"href":"https:\/\/www.eliott-markus.com\/en\/wp-json\/wp\/v2\/media?parent=1756"}],"wp:term":[{"taxonomy":"category","embeddable":true,"href":"https:\/\/www.eliott-markus.com\/en\/wp-json\/wp\/v2\/categories?post=1756"},{"taxonomy":"post_tag","embeddable":true,"href":"https:\/\/www.eliott-markus.com\/en\/wp-json\/wp\/v2\/tags?post=1756"}],"curies":[{"name":"wp","href":"https:\/\/api.w.org\/{rel}","templated":true}]}}

4e Village de la Legaltech : l’âge de raison

<p class="wp-block-paragraph"><strong>Temps de lecture : 1’40’’</strong></p>



<h2 class="wp-block-heading">Pour sa quatrième édition, le Village de La legal tech confirme son statut d’événement incontournable, avec près de 3600 visiteurs et plus de 150 legal tech présentes.</h2>



<p class="wp-block-paragraph">Carrefour des acteurs de l’innovation juridique, le Village est l’occasion de faire un point d’étape dans la transition digitale, mais aussi d’ouvrir le champ des réflexions sur les nouvelles pratiques et autres innovations managériales du secteur juridique.</p>



<p class="wp-block-paragraph">L’évolution des mentalités vis-à-vis de l’apparition est aussi palpable, alors que les acteurs publics et privés se font de plus en plus nombreux pour tirer parti et prendre position sur ces nouveaux enjeux.</p>



<h3 class="wp-block-heading"><strong>L’avènement du juriste augmenté</strong></h3>



<p class="wp-block-paragraph">Les juristes ont pris conscience de la nécessaire transformation de leur métier. D’abord sceptiques, les directions juridiques sont maintenant omniprésentes sur le front des legal tech, à la recherche d’outils qui leur permettront une meilleure gestion de leurs contrats et une meilleure analyse des données de l’entreprise.</p>



<p class="wp-block-paragraph">Mais au-delà de la tech, les directions juridiques viennent en nombre pour chercher une réponse concrète à l’épineuse question&nbsp;: à quoi ressemblera mon métier demain&nbsp;?</p>



<p class="wp-block-paragraph">Cette réponse, le Village l’esquisse à travers la notion de juriste augmenté. Un professionnel du droit polyvalent, multi-casquette, capable d’optimiser son travail de fond par la bonne utilisation des nouveaux outils tech, et de se concentrer sur de nouvelles tâches, plus transversales dans l’entreprise, notamment dans la gestion des données et dans l’élaboration de la stratégie de l’entreprise.</p>



<p class="wp-block-paragraph">Pour parvenir à l’émergence de ces nouveaux profils, la formation constitue l’enjeu majeur et a donc occupé une place centrale dans les échanges entre les participants.</p>



<h3 class="wp-block-heading"><strong>Objectif qualité pour les professions réglementées</strong></h3>



<p class="wp-block-paragraph">Les avocats, notaires et autres experts-comptables étaient aussi au rendez-vous, mais avec des objectifs différents des juristes d’entreprise. Si le bénéfice d’une meilleure productivité fait évidemment partie de leurs attentes, c’est surtout l’amélioration de la qualité de service qui est visée par ces professions libérales.</p>



<p class="wp-block-paragraph">Dans un milieu concurrentiel, le recours à la legal tech peut offrir un avantage non-négligeable en matière de relation client. En facilitant le travail de fond d’abord, mais surtout en ciblant avec davantage de précision les besoins inhérents à l’environnement du client, grâce à l’émergence de nouveaux outils analytiques.</p>



<p class="wp-block-paragraph">L’interface avec le cabinet constitue un autre axe d’amélioration, par le recours à des échanges plus dynamiques et plus interactifs, notamment par l’adoption des méthodes de Legal Design, toujours très en vogue sur le salon. Enfin, l’interprofessionnalité entre les acteurs juridiques pourrait être grandement facilitée par l’adoption de nouveaux outils collaboratifs et permettrait de convaincre un nombre croissant de professionnels, encore sceptiques du bien-fondé de cette démarche.</p>



<p class="wp-block-paragraph">Le Village a son aura propre, c’est indéniable. Contrairement à d’autres rendez-vous juridiques, souvent dédiés à un corps de métier, le Village de la Legal Tech rassemble une large diversité de profils pour comprendre les craintes et les espoirs d’un microcosme juridique en profonde mutation. La mixité entre professions traditionnels et nouveaux entrants permet d’esquisser les contours d’un éventuel «&nbsp;grand&nbsp;» marché juridique.</p>



<p class="wp-block-paragraph"></p>

<!-- This site is optimized with the Yoast SEO plugin v27.7 - https://yoast.com/product/yoast-seo-wordpress/ -->
<title>4e Village de la Legaltech : l’âge de raison | WiLo</title>
<meta name="description" content="Pour sa quatrième édition, le Village de La legal tech confirme son statut d’événement incontournable, avec près de 3600 visiteurs." />
<meta name="robots" content="index, follow, max-snippet:-1, max-image-preview:large, max-video-preview:-1" />
<link rel="canonical" href="https://www.eliott-markus.com/wilo/forum-legaltech/" />
<meta property="og:locale" content="en_US" />
<meta property="og:type" content="article" />
<meta property="og:title" content="4e Village de la Legaltech : l’âge de raison | WiLo" />
<meta property="og:description" content="Pour sa quatrième édition, le Village de La legal tech confirme son statut d’événement incontournable, avec près de 3600 visiteurs." />
<meta property="og:url" content="https://www.eliott-markus.com/wilo/forum-legaltech/" />
<meta property="og:site_name" content="eliott &amp; markus" />
<meta property="article:modified_time" content="2023-11-13T14:27:39+00:00" />
<meta name="twitter:card" content="summary_large_image" />
<meta name="twitter:label1" content="Est. reading time" />
	<meta name="twitter:data1" content="3 minutes" />
<!-- / Yoast SEO plugin. -->

4e Village de la Legaltech : l’âge de raison | WiLo

Pour sa quatrième édition, le Village de La legal tech confirme son statut d’événement incontournable, avec près de 3600 visiteurs.
