{"id":1867,"date":"2015-02-09T08:28:16","date_gmt":"2015-02-09T08:28:16","guid":{"rendered":"https:\/\/www.eliott-markus.com\/wilo\/ouverture-du-capital-des-cabinets-des-realites-bien-differentes\/"},"modified":"2023-11-13T13:44:53","modified_gmt":"2023-11-13T13:44:53","slug":"ouverture-du-capital-des-cabinets-des-realites-bien-differentes","status":"publish","type":"wilo","link":"https:\/\/www.eliott-markus.com\/en\/wilo\/ouverture-du-capital-des-cabinets-des-realites-bien-differentes\/","title":{"rendered":"Ouverture du capital des cabinets : des r\u00e9alit\u00e9s bien diff\u00e9rentes"},"content":{"rendered":"\n<p class=\"wp-block-paragraph\">Temps de lecture : 1&#8217;30<\/p>\n\n\n\n<h2 class=\"wp-block-heading\">Le travail parlementaire autour de la loi Macron a relanc\u00e9 le d\u00e9bat autour de l\u2019ouverture du capital des cabinets d\u2019avocats. Alors que les instances repr\u00e9sentatives se montrent tr\u00e8s r\u00e9serv\u00e9es \u00e0 ce sujet, 61 % des avocats d\u2019affaires seraient favorables \u00e0 cette mesure.<\/h2>\n\n\n\n<p class=\"wp-block-paragraph\"><em>Un article de Dominic Jensen.<\/em><\/p>\n\n\n\n<p class=\"wp-block-paragraph\">A prendre avec pr\u00e9cautions, l\u2019enqu\u00eate pr\u00e9cise que les avocats en question sont issus d\u2019un panel d\u2019associ\u00e9s et de managing partners de cabinets fran\u00e7ais et internationaux. Ces m\u00eames personnes se sont prononc\u00e9es sur une ouverture du capital limit\u00e9e \u00e0 un tiers.<\/p>\n\n\n\n<p class=\"wp-block-paragraph\">Comme j\u2019ai pu l\u2019\u00e9crire pr\u00e9c\u00e9demment dans un article intitul\u00e9 \u00ab\u00a0<a href=\"http:\/\/blog.eliott-markus.com\/investir-cabinet-avocats\" target=\"_blank\" rel=\"noreferrer noopener\">Qui veut investir dans un cabinet d\u2019avocats\u00a0?<\/a>\u00a0\u00bb, <strong>la finalit\u00e9 financi\u00e8re n\u2019est pas le premier enjeu<\/strong> dans ce d\u00e9bat. C\u2019est peut-\u00eatre ici que se trouve une confusion qui expliquerait la r\u00e9ticence de ceux qui sont hostiles \u00e0 l\u2019ouverture du capital et aux propositions du gouvernement.<\/p>\n\n\n\n<p class=\"wp-block-paragraph\">En effet, l\u2019ouverture du capital \u00e9voque pour eux la perte de contr\u00f4le et d\u2019ind\u00e9pendance. Paradoxalement, dans le m\u00eame temps,<strong> les avocats sont majoritairement favorables \u00e0 l\u2019interprofessionnalit\u00e9<\/strong>. Or, dans les esprits, cette notion est sans doute ressentie comme plus op\u00e9rationnelle que capitalistique.<\/p>\n\n\n\n<p class=\"wp-block-paragraph\">Les mentalit\u00e9s se sont ouvertes \u00e0 l\u2019id\u00e9e qu\u2019il faudrait trouver des moyens pour <strong>formaliser des coop\u00e9rations qui existent d\u00e9j\u00e0 sur le terrain<\/strong> notamment entre avocats et experts-comptables ou notaires. L\u2019interprofessionnalit\u00e9 d\u2019exercice entre professionnels lib\u00e9raux r\u00e9glement\u00e9s existe dans les textes depuis la <a rel=\"noreferrer noopener\" href=\"http:\/\/www.legifrance.gouv.fr\/affichTexte.do?cidTexte=JORFTEXT000000692471\" target=\"_blank\">loi n\u00b066-879 du 29 novembre 1966<\/a>. Le d\u00e9cret n\u2019a jamais vu le jour.<\/p>\n\n\n\n<p class=\"wp-block-paragraph\">Si les avocats souhaitent travailler \u00e9troitement avec d\u2019autres professionnels, <strong>le chemin passe par l\u2019association en capital<\/strong>, vraisemblablement par des participations crois\u00e9es. Certains ont fait preuve de cr\u00e9ativit\u00e9 au cours de ces derni\u00e8res ann\u00e9es pour trouver des formules permettant l\u2019interprofessionnalit\u00e9 d\u2019exercice. Citons le GMEL, groupement momentan\u00e9 d\u2019entreprises lib\u00e9rales, propos\u00e9 dans le cadre du rapport de Brigitte Longuet\u2026 qui n\u2019a pas \u00e9t\u00e9 adopt\u00e9 par la pratique.<\/p>\n\n\n\n<p class=\"wp-block-paragraph\">Pour pouvoir avancer, il faudrait faire une distinction tr\u00e8s claire entre les <strong>associations capitalistiques entre professionnels lib\u00e9raux<\/strong>, d\u2019une part et les <strong>prises de participations par des investisseurs ou des soci\u00e9t\u00e9s commerciales dans les entreprises lib\u00e9rales<\/strong>d&#8217;autre part.<br>Les premi\u00e8res seraient beaucoup plus faciles \u00e0 mettre en place et pr\u00e9senteraient d\u2019importantes opportunit\u00e9s de croissance et de d\u00e9veloppement pour de tr\u00e8s nombreux professionnels tout en respectant les r\u00e8gles et principes des professions concern\u00e9es.<\/p>\n\n\n\n<hr class=\"wp-block-separator\"\/>\n\n\n\n<p class=\"wp-block-paragraph\">A propos de l&#8217;auteur : <strong><br>Dominic Jensen<\/strong>,\u00a0<a href=\"mailto:d.jensen@eliott-markus.com\" target=\"_blank\" rel=\"noreferrer noopener\">d.jensen@eliott-markus.com<\/a><br>Consultant sp\u00e9cialis\u00e9 dans la strat\u00e9gie et l\u2019organisation des cabinets d\u2019avocats.<br>Auteur de \u00ab Cabinet d\u2019Avocats, cr\u00e9ation et strat\u00e9gie, organisation et gestion \u00bb aux \u00e9ditions Dalloz.<br>Directeur scientifique de Dalloz Avocats, exercer et entreprendre.<br>Enseignant \u00e0 l\u2019EFB et directeur strat\u00e9gie de l\u2019agence Eliott &#038; Markus.<\/p>\n\n\n\n<hr class=\"wp-block-separator\"\/>\n\n\n\n<p class=\"wp-block-paragraph\">A propos de l&#8217;agence : <strong><br>Eliott&#038;Markus<\/strong>\u00a0est une agence de conseil marketing et communication d\u00e9di\u00e9e aux cabinets de services professionnels, aux professionnels du conseil et de l&#8217;expertise intellectuelle.<br>Nos m\u00e9tiers sont organis\u00e9s pour atteindre les objectifs de nos clients : cr\u00e9er et mettre en place la strat\u00e9gie marketing et communication off et online, g\u00e9rer la communication et d\u00e9cliner le plan op\u00e9rationnel, cr\u00e9er les supports de communication op\u00e9rationnels.<br>Contact : <strong>Gw\u00e9na\u00eblle Henri<\/strong>, <a href=\"mailto:g.henri@eliott-markus.com\" target=\"_blank\" rel=\"noreferrer noopener\">g.henri@eliott-markus.com<\/a><\/p>\n\n\n\n<p class=\"wp-block-paragraph\">Suivre l\u2019agence sur LinkedIn <a href=\"https:\/\/www.linkedin.com\/company\/eliott-&#038;-markus\" target=\"_blank\" rel=\"noreferrer noopener\">https:\/\/www.linkedin.com\/company\/eliott-&#038;-markus<\/a><\/p>\n","protected":false},"author":11,"featured_media":0,"template":"","categories":[223],"tags":[],"class_list":["post-1867","wilo","type-wilo","status-publish","hentry","category-strategie"],"acf":[],"yoast_head":"<!-- This site is optimized with the Yoast SEO plugin v27.7 - https:\/\/yoast.com\/product\/yoast-seo-wordpress\/ -->\n<title>Ouverture du capital des cabinets : des r\u00e9alit\u00e9s bien diff\u00e9rentes<\/title>\n<meta name=\"robots\" content=\"index, follow, max-snippet:-1, max-image-preview:large, max-video-preview:-1\" \/>\n<link rel=\"canonical\" href=\"https:\/\/www.eliott-markus.com\/wilo\/ouverture-du-capital-des-cabinets-des-realites-bien-differentes\/\" \/>\n<meta property=\"og:locale\" content=\"en_US\" \/>\n<meta property=\"og:type\" content=\"article\" \/>\n<meta property=\"og:title\" content=\"Ouverture du capital des cabinets : des r\u00e9alit\u00e9s bien diff\u00e9rentes\" \/>\n<meta property=\"og:description\" content=\"Temps de lecture : 1&#8217;30 Le travail parlementaire autour de la loi Macron a relanc\u00e9 le d\u00e9bat autour de l\u2019ouverture du capital des cabinets d\u2019avocats. Alors que les instances repr\u00e9sentatives se montrent tr\u00e8s r\u00e9serv\u00e9es \u00e0 ce sujet, 61 % des avocats d\u2019affaires seraient favorables \u00e0 cette mesure. Un article de Dominic Jensen. A prendre avec [&hellip;]\" \/>\n<meta property=\"og:url\" content=\"https:\/\/www.eliott-markus.com\/wilo\/ouverture-du-capital-des-cabinets-des-realites-bien-differentes\/\" \/>\n<meta property=\"og:site_name\" content=\"eliott &amp; markus\" \/>\n<meta property=\"article:modified_time\" content=\"2023-11-13T13:44:53+00:00\" \/>\n<meta name=\"twitter:card\" content=\"summary_large_image\" \/>\n<meta name=\"twitter:label1\" content=\"Est. reading time\" \/>\n\t<meta name=\"twitter:data1\" content=\"3 minutes\" \/>\n<!-- \/ Yoast SEO plugin. -->","yoast_head_json":{"title":"Ouverture du capital des cabinets : des r\u00e9alit\u00e9s bien diff\u00e9rentes","robots":{"index":"index","follow":"follow","max-snippet":"max-snippet:-1","max-image-preview":"max-image-preview:large","max-video-preview":"max-video-preview:-1"},"canonical":"https:\/\/www.eliott-markus.com\/wilo\/ouverture-du-capital-des-cabinets-des-realites-bien-differentes\/","og_locale":"en_US","og_type":"article","og_title":"Ouverture du capital des cabinets : des r\u00e9alit\u00e9s bien diff\u00e9rentes","og_description":"Temps de lecture : 1&#8217;30 Le travail parlementaire autour de la loi Macron a relanc\u00e9 le d\u00e9bat autour de l\u2019ouverture du capital des cabinets d\u2019avocats. Alors que les instances repr\u00e9sentatives se montrent tr\u00e8s r\u00e9serv\u00e9es \u00e0 ce sujet, 61 % des avocats d\u2019affaires seraient favorables \u00e0 cette mesure. Un article de Dominic Jensen. A prendre avec [&hellip;]","og_url":"https:\/\/www.eliott-markus.com\/wilo\/ouverture-du-capital-des-cabinets-des-realites-bien-differentes\/","og_site_name":"eliott &amp; markus","article_modified_time":"2023-11-13T13:44:53+00:00","twitter_card":"summary_large_image","twitter_misc":{"Est. reading time":"3 minutes"},"schema":{"@context":"https:\/\/schema.org","@graph":[{"@type":"WebPage","@id":"https:\/\/www.eliott-markus.com\/wilo\/ouverture-du-capital-des-cabinets-des-realites-bien-differentes\/","url":"https:\/\/www.eliott-markus.com\/wilo\/ouverture-du-capital-des-cabinets-des-realites-bien-differentes\/","name":"Ouverture du capital des cabinets : des r\u00e9alit\u00e9s bien diff\u00e9rentes","isPartOf":{"@id":"https:\/\/www.eliott-markus.com\/#website"},"datePublished":"2015-02-09T08:28:16+00:00","dateModified":"2023-11-13T13:44:53+00:00","inLanguage":"en-US","potentialAction":[{"@type":"ReadAction","target":["https:\/\/www.eliott-markus.com\/wilo\/ouverture-du-capital-des-cabinets-des-realites-bien-differentes\/"]}]},{"@type":"WebSite","@id":"https:\/\/www.eliott-markus.com\/#website","url":"https:\/\/www.eliott-markus.com\/","name":"eliott & markus","description":"","publisher":{"@id":"https:\/\/www.eliott-markus.com\/#organization"},"potentialAction":[{"@type":"SearchAction","target":{"@type":"EntryPoint","urlTemplate":"https:\/\/www.eliott-markus.com\/?s={search_term_string}"},"query-input":{"@type":"PropertyValueSpecification","valueRequired":true,"valueName":"search_term_string"}}],"inLanguage":"en-US"},{"@type":"Organization","@id":"https:\/\/www.eliott-markus.com\/#organization","name":"eliott & markus","url":"https:\/\/www.eliott-markus.com\/","logo":{"@type":"ImageObject","inLanguage":"en-US","@id":"https:\/\/www.eliott-markus.com\/#\/schema\/logo\/image\/","url":"https:\/\/www.eliott-markus.com\/wp-content\/uploads\/2023\/06\/cropped-em_fav_2-1.png","contentUrl":"https:\/\/www.eliott-markus.com\/wp-content\/uploads\/2023\/06\/cropped-em_fav_2-1.png","width":512,"height":512,"caption":"eliott & markus"},"image":{"@id":"https:\/\/www.eliott-markus.com\/#\/schema\/logo\/image\/"}}]}},"_links":{"self":[{"href":"https:\/\/www.eliott-markus.com\/en\/wp-json\/wp\/v2\/wilo\/1867","targetHints":{"allow":["GET"]}}],"collection":[{"href":"https:\/\/www.eliott-markus.com\/en\/wp-json\/wp\/v2\/wilo"}],"about":[{"href":"https:\/\/www.eliott-markus.com\/en\/wp-json\/wp\/v2\/types\/wilo"}],"author":[{"embeddable":true,"href":"https:\/\/www.eliott-markus.com\/en\/wp-json\/wp\/v2\/users\/11"}],"version-history":[{"count":1,"href":"https:\/\/www.eliott-markus.com\/en\/wp-json\/wp\/v2\/wilo\/1867\/revisions"}],"predecessor-version":[{"id":2380,"href":"https:\/\/www.eliott-markus.com\/en\/wp-json\/wp\/v2\/wilo\/1867\/revisions\/2380"}],"wp:attachment":[{"href":"https:\/\/www.eliott-markus.com\/en\/wp-json\/wp\/v2\/media?parent=1867"}],"wp:term":[{"taxonomy":"category","embeddable":true,"href":"https:\/\/www.eliott-markus.com\/en\/wp-json\/wp\/v2\/categories?post=1867"},{"taxonomy":"post_tag","embeddable":true,"href":"https:\/\/www.eliott-markus.com\/en\/wp-json\/wp\/v2\/tags?post=1867"}],"curies":[{"name":"wp","href":"https:\/\/api.w.org\/{rel}","templated":true}]}}

Ouverture du capital des cabinets : des réalités bien différentes

<p class="wp-block-paragraph">Temps de lecture : 1&#8217;30</p>



<h2 class="wp-block-heading">Le travail parlementaire autour de la loi Macron a relancé le débat autour de l’ouverture du capital des cabinets d’avocats. Alors que les instances représentatives se montrent très réservées à ce sujet, 61 % des avocats d’affaires seraient favorables à cette mesure.</h2>



<p class="wp-block-paragraph"><em>Un article de Dominic Jensen.</em></p>



<p class="wp-block-paragraph">A prendre avec précautions, l’enquête précise que les avocats en question sont issus d’un panel d’associés et de managing partners de cabinets français et internationaux. Ces mêmes personnes se sont prononcées sur une ouverture du capital limitée à un tiers.</p>



<p class="wp-block-paragraph">Comme j’ai pu l’écrire précédemment dans un article intitulé « <a href="http://blog.eliott-markus.com/investir-cabinet-avocats" target="_blank" rel="noreferrer noopener">Qui veut investir dans un cabinet d’avocats ?</a> », <strong>la finalité financière n’est pas le premier enjeu</strong> dans ce débat. C’est peut-être ici que se trouve une confusion qui expliquerait la réticence de ceux qui sont hostiles à l’ouverture du capital et aux propositions du gouvernement.</p>



<p class="wp-block-paragraph">En effet, l’ouverture du capital évoque pour eux la perte de contrôle et d’indépendance. Paradoxalement, dans le même temps,<strong> les avocats sont majoritairement favorables à l’interprofessionnalité</strong>. Or, dans les esprits, cette notion est sans doute ressentie comme plus opérationnelle que capitalistique.</p>



<p class="wp-block-paragraph">Les mentalités se sont ouvertes à l’idée qu’il faudrait trouver des moyens pour <strong>formaliser des coopérations qui existent déjà sur le terrain</strong> notamment entre avocats et experts-comptables ou notaires. L’interprofessionnalité d’exercice entre professionnels libéraux réglementés existe dans les textes depuis la <a rel="noreferrer noopener" href="http://www.legifrance.gouv.fr/affichTexte.do?cidTexte=JORFTEXT000000692471" target="_blank">loi n°66-879 du 29 novembre 1966</a>. Le décret n’a jamais vu le jour.</p>



<p class="wp-block-paragraph">Si les avocats souhaitent travailler étroitement avec d’autres professionnels, <strong>le chemin passe par l’association en capital</strong>, vraisemblablement par des participations croisées. Certains ont fait preuve de créativité au cours de ces dernières années pour trouver des formules permettant l’interprofessionnalité d’exercice. Citons le GMEL, groupement momentané d’entreprises libérales, proposé dans le cadre du rapport de Brigitte Longuet… qui n’a pas été adopté par la pratique.</p>



<p class="wp-block-paragraph">Pour pouvoir avancer, il faudrait faire une distinction très claire entre les <strong>associations capitalistiques entre professionnels libéraux</strong>, d’une part et les <strong>prises de participations par des investisseurs ou des sociétés commerciales dans les entreprises libérales</strong>d&#8217;autre part.<br>Les premières seraient beaucoup plus faciles à mettre en place et présenteraient d’importantes opportunités de croissance et de développement pour de très nombreux professionnels tout en respectant les règles et principes des professions concernées.</p>



<hr class="wp-block-separator"/>



<p class="wp-block-paragraph">A propos de l&#8217;auteur : <strong><br>Dominic Jensen</strong>, <a href="mailto:d.jensen@eliott-markus.com" target="_blank" rel="noreferrer noopener">d.jensen@eliott-markus.com</a><br>Consultant spécialisé dans la stratégie et l’organisation des cabinets d’avocats.<br>Auteur de « Cabinet d’Avocats, création et stratégie, organisation et gestion » aux éditions Dalloz.<br>Directeur scientifique de Dalloz Avocats, exercer et entreprendre.<br>Enseignant à l’EFB et directeur stratégie de l’agence Eliott &#038; Markus.</p>



<hr class="wp-block-separator"/>



<p class="wp-block-paragraph">A propos de l&#8217;agence : <strong><br>Eliott&#038;Markus</strong> est une agence de conseil marketing et communication dédiée aux cabinets de services professionnels, aux professionnels du conseil et de l&#8217;expertise intellectuelle.<br>Nos métiers sont organisés pour atteindre les objectifs de nos clients : créer et mettre en place la stratégie marketing et communication off et online, gérer la communication et décliner le plan opérationnel, créer les supports de communication opérationnels.<br>Contact : <strong>Gwénaëlle Henri</strong>, <a href="mailto:g.henri@eliott-markus.com" target="_blank" rel="noreferrer noopener">g.henri@eliott-markus.com</a></p>



<p class="wp-block-paragraph">Suivre l’agence sur LinkedIn <a href="https://www.linkedin.com/company/eliott-&#038;-markus" target="_blank" rel="noreferrer noopener">https://www.linkedin.com/company/eliott-&#038;-markus</a></p>

<!-- This site is optimized with the Yoast SEO plugin v27.7 - https://yoast.com/product/yoast-seo-wordpress/ -->
<title>Ouverture du capital des cabinets : des réalités bien différentes</title>
<meta name="robots" content="index, follow, max-snippet:-1, max-image-preview:large, max-video-preview:-1" />
<link rel="canonical" href="https://www.eliott-markus.com/wilo/ouverture-du-capital-des-cabinets-des-realites-bien-differentes/" />
<meta property="og:locale" content="en_US" />
<meta property="og:type" content="article" />
<meta property="og:title" content="Ouverture du capital des cabinets : des réalités bien différentes" />
<meta property="og:description" content="Temps de lecture : 1&#8217;30 Le travail parlementaire autour de la loi Macron a relancé le débat autour de l’ouverture du capital des cabinets d’avocats. Alors que les instances représentatives se montrent très réservées à ce sujet, 61 % des avocats d’affaires seraient favorables à cette mesure. Un article de Dominic Jensen. A prendre avec [&hellip;]" />
<meta property="og:url" content="https://www.eliott-markus.com/wilo/ouverture-du-capital-des-cabinets-des-realites-bien-differentes/" />
<meta property="og:site_name" content="eliott &amp; markus" />
<meta property="article:modified_time" content="2023-11-13T13:44:53+00:00" />
<meta name="twitter:card" content="summary_large_image" />
<meta name="twitter:label1" content="Est. reading time" />
	<meta name="twitter:data1" content="3 minutes" />
<!-- / Yoast SEO plugin. -->

Temps de lecture : 1&#8217;30 Le travail parlementaire autour de la loi Macron a relancé le débat autour de l’ouverture du capital des cabinets d’avocats. Alors que les instances représentatives se montrent très réservées à ce sujet, 61 % des avocats d’affaires seraient favorables à cette mesure. Un article de Dominic Jensen. A prendre avec [&hellip;]
