{"id":1920,"date":"2016-07-19T17:18:07","date_gmt":"2016-07-19T17:18:07","guid":{"rendered":"https:\/\/www.eliott-markus.com\/wilo\/parler-le-langage-client\/"},"modified":"2023-06-22T16:07:09","modified_gmt":"2023-06-22T16:07:09","slug":"parler-le-langage-client","status":"publish","type":"wilo","link":"https:\/\/www.eliott-markus.com\/en\/wilo\/parler-le-langage-client\/","title":{"rendered":"Parler le langage client"},"content":{"rendered":"\n<h2 class=\"wp-block-heading\">Quelqu\u2019un qui va consulter un avocat est d\u00e9j\u00e0 tr\u00e8s avanc\u00e9 dans sa r\u00e9flexion. Il a d\u2019abord compris qu\u2019il a un probl\u00e8me juridique qui doit \u00eatre trait\u00e9 par un avocat pour sa r\u00e9solution. Ensuite, il a le courage d\u2019aller sonner \u00e0 la porte de l\u2019avocat, avec tout ce que cela peut repr\u00e9senter en termes d\u2019intimidation et de prix.<\/h2>\n\n\n\n<p><strong>Les nouveaux acteurs qui ont investi le terrain de l\u2019acc\u00e8s au droit partent du principe que la plupart des gens n\u2019ont pas une d\u00e9finition claire de leur besoin.<\/strong> Ils commencent par taper une requ\u00eate en langage naturel sur Google, par exemple : probl\u00e8me de renouvellement de bail. Pour beaucoup de personnes, ce n\u2019est pas une question juridique mais un probl\u00e8me de bail. En r\u00e9ponse \u00e0 leur requ\u00eate, trouveront-ils un avocat sp\u00e9cialis\u00e9\u00a0? De plus en plus souvent, ils trouveront un nouvel acteur d\u2019un march\u00e9 du droit en pleine effervescence.<\/p>\n\n\n\n<p>Thierry Wickers (1)\u00a0tient le compte de ces start-ups du droit pour un cours qu\u2019il donne deux fois par an \u00e0 l\u2019Ecole de formation du barreau. En janvier 2016, il d\u00e9nombrait 22\u00a0\u00ab\u00a0start-ups du droit\u00a0\u00bb. En juillet de la m\u00eame ann\u00e9e, ce chiffre est pass\u00e9 \u00e0 51 soci\u00e9t\u00e9s ou sites proposant de l\u2019interm\u00e9diation d\u2019avocats, de la r\u00e9solution de litiges en ligne, des contrats, du financement de litiges, de l\u2019assistance judiciaire ou de l\u2019information juridique. Ces acteurs ne sont pas le fruit de r\u00eaveurs isol\u00e9s. Selon le magazine D\u00e9cideurs, e-just, une plateforme d\u2019arbitrage apportant une solution de justice priv\u00e9e (\u00e0 partir de 350 \u20ac \/ litige) aurait lev\u00e9 10 millions d\u2019euros (2).<\/p>\n\n\n\n<p><strong>Ces sites sont tous des facilitateurs.<\/strong> Ils am\u00e8nent des gens, confront\u00e9s \u00e0 un probl\u00e8me de droit, vers une prestation, avec ou sans avocat. <strong>Tous ne fournissent pas le m\u00eame service mais tous ont un point commun\u00a0<\/strong>: ils parlent le langage du client.<\/p>\n\n\n\n<p>Les avocats sont trop nombreux \u00e0 penser que leur activit\u00e9 doit se d\u00e9finir \u00e0 partir de leur capacit\u00e9 \u00e0 fournir des prestations \u00e9num\u00e9r\u00e9es \u00e0 la mani\u00e8re d\u2019une table des mati\u00e8res d\u2019une encyclop\u00e9die juridique. Jusqu\u2019\u00e0 maintenant, la communication des cabinets a \u00e9t\u00e9 une communication \u00e0 la 1<sup>\u00e8re<\/sup> personne du singulier ou du pluriel. L\u2019avocat dit \u00ab\u00a0je\u00a0\u00bb, le cabinet dit \u00ab\u00a0nous\u00a0\u00bb et les deux oublient que le plus important, c\u2019est le \u00ab\u00a0vous\u00a0\u00bb qui d\u00e9signe le client.<\/p>\n\n\n\n<p>Les start-ups du droit et nouveaux acteurs sont per\u00e7us comme des perturbateurs m\u00eame lorsque leur activit\u00e9 n\u2019enfreint aucune r\u00e8gle. Lorsque ces \u00ab\u00a0perturbateurs\u00a0\u00bb ont raison, il faut savoir en tirer les le\u00e7ons et la premi\u00e8re de celles-ci, c\u2019est que la communication des avocats devrait \u00eatre davantage centr\u00e9e sur le client. Ceci ne concerne pas que l\u2019acc\u00e8s au droit et le consommateur profane. <strong>Le chef d\u2019entreprise, lui aussi, veut des r\u00e9ponses \u00e0 son probl\u00e8me, tel qu\u2019il le d\u00e9finit et le formule. Si les avocats s\u2019aventuraient \u00e0 dire \u00ab\u00a0Votre probl\u00e8me, c\u2019est\u2026.\u00a0\u00bb avant de dire \u00ab\u00a0Moi, je sais\u00a0\u00bb, leur approche du march\u00e9 serait sans doute plus efficace.<\/strong><\/p>\n\n\n\n<hr class=\"wp-block-separator\"\/>\n\n\n\n<h4 class=\"wp-block-heading\">Pour aller plus loin<\/h4>\n\n\n\n<p><em><strong>(1)<\/strong> Ancien pr\u00e9sident du Conseil National des Barreaux et auteur de \u00ab\u00a0La grande transformation des avocats\u00a0\u00bb, Dalloz.<\/em><\/p>\n\n\n\n<p><em><strong>(2)<\/strong> D\u00e9cideurs 18.07.2016 <a href=\"http:\/\/www.magazine-decideurs.com\/news\/ejust-prend-de-l-ampleur\" target=\"_blank\" rel=\"noreferrer noopener\">http:\/\/www.magazine-decideurs.com\/news\/ejust-prend-de-l-ampleur<\/a><\/em><\/p>\n","protected":false},"author":11,"featured_media":0,"template":"","categories":[211],"tags":[24,38,92],"class_list":["post-1920","wilo","type-wilo","status-publish","hentry","category-metiers","tag-avocats","tag-communication","tag-droit"],"acf":[],"yoast_head":"<!-- This site is optimized with the Yoast SEO plugin v27.3 - https:\/\/yoast.com\/product\/yoast-seo-wordpress\/ -->\n<title>Parler le langage client<\/title>\n<meta name=\"description\" content=\"Quelqu\u2019un qui va consulter un avocat est d\u00e9j\u00e0 tr\u00e8s avanc\u00e9 dans sa r\u00e9flexion. Il a d\u2019abord compris qu\u2019il a un probl\u00e8me juridique qui doit \u00eatre trait\u00e9\" \/>\n<meta name=\"robots\" content=\"index, follow, max-snippet:-1, max-image-preview:large, max-video-preview:-1\" \/>\n<link rel=\"canonical\" href=\"https:\/\/www.eliott-markus.com\/wilo\/parler-le-langage-client\/\" \/>\n<meta property=\"og:locale\" content=\"en_US\" \/>\n<meta property=\"og:type\" content=\"article\" \/>\n<meta property=\"og:title\" content=\"Parler le langage client\" \/>\n<meta property=\"og:description\" content=\"Quelqu\u2019un qui va consulter un avocat est d\u00e9j\u00e0 tr\u00e8s avanc\u00e9 dans sa r\u00e9flexion. Il a d\u2019abord compris qu\u2019il a un probl\u00e8me juridique qui doit \u00eatre trait\u00e9\" \/>\n<meta property=\"og:url\" content=\"https:\/\/www.eliott-markus.com\/wilo\/parler-le-langage-client\/\" \/>\n<meta property=\"og:site_name\" content=\"eliott &amp; markus\" \/>\n<meta property=\"article:modified_time\" content=\"2023-06-22T16:07:09+00:00\" \/>\n<meta name=\"twitter:card\" content=\"summary_large_image\" \/>\n<meta name=\"twitter:label1\" content=\"Est. reading time\" \/>\n\t<meta name=\"twitter:data1\" content=\"3 minutes\" \/>\n<!-- \/ Yoast SEO plugin. -->","yoast_head_json":{"title":"Parler le langage client","description":"Quelqu\u2019un qui va consulter un avocat est d\u00e9j\u00e0 tr\u00e8s avanc\u00e9 dans sa r\u00e9flexion. Il a d\u2019abord compris qu\u2019il a un probl\u00e8me juridique qui doit \u00eatre trait\u00e9","robots":{"index":"index","follow":"follow","max-snippet":"max-snippet:-1","max-image-preview":"max-image-preview:large","max-video-preview":"max-video-preview:-1"},"canonical":"https:\/\/www.eliott-markus.com\/wilo\/parler-le-langage-client\/","og_locale":"en_US","og_type":"article","og_title":"Parler le langage client","og_description":"Quelqu\u2019un qui va consulter un avocat est d\u00e9j\u00e0 tr\u00e8s avanc\u00e9 dans sa r\u00e9flexion. Il a d\u2019abord compris qu\u2019il a un probl\u00e8me juridique qui doit \u00eatre trait\u00e9","og_url":"https:\/\/www.eliott-markus.com\/wilo\/parler-le-langage-client\/","og_site_name":"eliott &amp; markus","article_modified_time":"2023-06-22T16:07:09+00:00","twitter_card":"summary_large_image","twitter_misc":{"Est. reading time":"3 minutes"},"schema":{"@context":"https:\/\/schema.org","@graph":[{"@type":"WebPage","@id":"https:\/\/www.eliott-markus.com\/wilo\/parler-le-langage-client\/","url":"https:\/\/www.eliott-markus.com\/wilo\/parler-le-langage-client\/","name":"Parler le langage client","isPartOf":{"@id":"https:\/\/www.eliott-markus.com\/#website"},"datePublished":"2016-07-19T17:18:07+00:00","dateModified":"2023-06-22T16:07:09+00:00","description":"Quelqu\u2019un qui va consulter un avocat est d\u00e9j\u00e0 tr\u00e8s avanc\u00e9 dans sa r\u00e9flexion. Il a d\u2019abord compris qu\u2019il a un probl\u00e8me juridique qui doit \u00eatre trait\u00e9","inLanguage":"en-US","potentialAction":[{"@type":"ReadAction","target":["https:\/\/www.eliott-markus.com\/wilo\/parler-le-langage-client\/"]}]},{"@type":"WebSite","@id":"https:\/\/www.eliott-markus.com\/#website","url":"https:\/\/www.eliott-markus.com\/","name":"eliott & markus","description":"","publisher":{"@id":"https:\/\/www.eliott-markus.com\/#organization"},"potentialAction":[{"@type":"SearchAction","target":{"@type":"EntryPoint","urlTemplate":"https:\/\/www.eliott-markus.com\/?s={search_term_string}"},"query-input":{"@type":"PropertyValueSpecification","valueRequired":true,"valueName":"search_term_string"}}],"inLanguage":"en-US"},{"@type":"Organization","@id":"https:\/\/www.eliott-markus.com\/#organization","name":"eliott & markus","url":"https:\/\/www.eliott-markus.com\/","logo":{"@type":"ImageObject","inLanguage":"en-US","@id":"https:\/\/www.eliott-markus.com\/#\/schema\/logo\/image\/","url":"https:\/\/www.eliott-markus.com\/wp-content\/uploads\/2023\/06\/cropped-em_fav_2-1.png","contentUrl":"https:\/\/www.eliott-markus.com\/wp-content\/uploads\/2023\/06\/cropped-em_fav_2-1.png","width":512,"height":512,"caption":"eliott & markus"},"image":{"@id":"https:\/\/www.eliott-markus.com\/#\/schema\/logo\/image\/"}}]}},"_links":{"self":[{"href":"https:\/\/www.eliott-markus.com\/en\/wp-json\/wp\/v2\/wilo\/1920","targetHints":{"allow":["GET"]}}],"collection":[{"href":"https:\/\/www.eliott-markus.com\/en\/wp-json\/wp\/v2\/wilo"}],"about":[{"href":"https:\/\/www.eliott-markus.com\/en\/wp-json\/wp\/v2\/types\/wilo"}],"author":[{"embeddable":true,"href":"https:\/\/www.eliott-markus.com\/en\/wp-json\/wp\/v2\/users\/11"}],"version-history":[{"count":1,"href":"https:\/\/www.eliott-markus.com\/en\/wp-json\/wp\/v2\/wilo\/1920\/revisions"}],"predecessor-version":[{"id":2328,"href":"https:\/\/www.eliott-markus.com\/en\/wp-json\/wp\/v2\/wilo\/1920\/revisions\/2328"}],"wp:attachment":[{"href":"https:\/\/www.eliott-markus.com\/en\/wp-json\/wp\/v2\/media?parent=1920"}],"wp:term":[{"taxonomy":"category","embeddable":true,"href":"https:\/\/www.eliott-markus.com\/en\/wp-json\/wp\/v2\/categories?post=1920"},{"taxonomy":"post_tag","embeddable":true,"href":"https:\/\/www.eliott-markus.com\/en\/wp-json\/wp\/v2\/tags?post=1920"}],"curies":[{"name":"wp","href":"https:\/\/api.w.org\/{rel}","templated":true}]}}

<h2 class="wp-block-heading">Quelqu’un qui va consulter un avocat est déjà très avancé dans sa réflexion. Il a d’abord compris qu’il a un problème juridique qui doit être traité par un avocat pour sa résolution. Ensuite, il a le courage d’aller sonner à la porte de l’avocat, avec tout ce que cela peut représenter en termes d’intimidation et de prix.</h2>



<p><strong>Les nouveaux acteurs qui ont investi le terrain de l’accès au droit partent du principe que la plupart des gens n’ont pas une définition claire de leur besoin.</strong> Ils commencent par taper une requête en langage naturel sur Google, par exemple : problème de renouvellement de bail. Pour beaucoup de personnes, ce n’est pas une question juridique mais un problème de bail. En réponse à leur requête, trouveront-ils un avocat spécialisé ? De plus en plus souvent, ils trouveront un nouvel acteur d’un marché du droit en pleine effervescence.</p>



<p>Thierry Wickers (1) tient le compte de ces start-ups du droit pour un cours qu’il donne deux fois par an à l’Ecole de formation du barreau. En janvier 2016, il dénombrait 22 « start-ups du droit ». En juillet de la même année, ce chiffre est passé à 51 sociétés ou sites proposant de l’intermédiation d’avocats, de la résolution de litiges en ligne, des contrats, du financement de litiges, de l’assistance judiciaire ou de l’information juridique. Ces acteurs ne sont pas le fruit de rêveurs isolés. Selon le magazine Décideurs, e-just, une plateforme d’arbitrage apportant une solution de justice privée (à partir de 350 € / litige) aurait levé 10 millions d’euros (2).</p>



<p><strong>Ces sites sont tous des facilitateurs.</strong> Ils amènent des gens, confrontés à un problème de droit, vers une prestation, avec ou sans avocat. <strong>Tous ne fournissent pas le même service mais tous ont un point commun </strong>: ils parlent le langage du client.</p>



<p>Les avocats sont trop nombreux à penser que leur activité doit se définir à partir de leur capacité à fournir des prestations énumérées à la manière d’une table des matières d’une encyclopédie juridique. Jusqu’à maintenant, la communication des cabinets a été une communication à la 1<sup>ère</sup> personne du singulier ou du pluriel. L’avocat dit « je », le cabinet dit « nous » et les deux oublient que le plus important, c’est le « vous » qui désigne le client.</p>



<p>Les start-ups du droit et nouveaux acteurs sont perçus comme des perturbateurs même lorsque leur activité n’enfreint aucune règle. Lorsque ces « perturbateurs » ont raison, il faut savoir en tirer les leçons et la première de celles-ci, c’est que la communication des avocats devrait être davantage centrée sur le client. Ceci ne concerne pas que l’accès au droit et le consommateur profane. <strong>Le chef d’entreprise, lui aussi, veut des réponses à son problème, tel qu’il le définit et le formule. Si les avocats s’aventuraient à dire « Votre problème, c’est…. » avant de dire « Moi, je sais », leur approche du marché serait sans doute plus efficace.</strong></p>



<hr class="wp-block-separator"/>



<h4 class="wp-block-heading">Pour aller plus loin</h4>



<p><em><strong>(1)</strong> Ancien président du Conseil National des Barreaux et auteur de « La grande transformation des avocats », Dalloz.</em></p>



<p><em><strong>(2)</strong> Décideurs 18.07.2016 <a href="http://www.magazine-decideurs.com/news/ejust-prend-de-l-ampleur" target="_blank" rel="noreferrer noopener">http://www.magazine-decideurs.com/news/ejust-prend-de-l-ampleur</a></em></p>

<!-- This site is optimized with the Yoast SEO plugin v27.3 - https://yoast.com/product/yoast-seo-wordpress/ -->
<title>Parler le langage client</title>
<meta name="description" content="Quelqu’un qui va consulter un avocat est déjà très avancé dans sa réflexion. Il a d’abord compris qu’il a un problème juridique qui doit être traité" />
<meta name="robots" content="index, follow, max-snippet:-1, max-image-preview:large, max-video-preview:-1" />
<link rel="canonical" href="https://www.eliott-markus.com/wilo/parler-le-langage-client/" />
<meta property="og:locale" content="en_US" />
<meta property="og:type" content="article" />
<meta property="og:title" content="Parler le langage client" />
<meta property="og:description" content="Quelqu’un qui va consulter un avocat est déjà très avancé dans sa réflexion. Il a d’abord compris qu’il a un problème juridique qui doit être traité" />
<meta property="og:url" content="https://www.eliott-markus.com/wilo/parler-le-langage-client/" />
<meta property="og:site_name" content="eliott &amp; markus" />
<meta property="article:modified_time" content="2023-06-22T16:07:09+00:00" />
<meta name="twitter:card" content="summary_large_image" />
<meta name="twitter:label1" content="Est. reading time" />
	<meta name="twitter:data1" content="3 minutes" />
<!-- / Yoast SEO plugin. -->

Quelqu’un qui va consulter un avocat est déjà très avancé dans sa réflexion. Il a d’abord compris qu’il a un problème juridique qui doit être traité
