{"id":1923,"date":"2016-06-28T15:34:26","date_gmt":"2016-06-28T15:34:26","guid":{"rendered":"https:\/\/www.eliott-markus.com\/wilo\/du-marketing-de-la-relation-client\/"},"modified":"2023-11-13T13:55:51","modified_gmt":"2023-11-13T13:55:51","slug":"du-marketing-de-la-relation-client","status":"publish","type":"wilo","link":"https:\/\/www.eliott-markus.com\/en\/wilo\/du-marketing-de-la-relation-client\/","title":{"rendered":"Du marketing de la relation client"},"content":{"rendered":"\n<h2 class=\"wp-block-heading\"><strong>Quand les cabinets ma\u00eetrisent la prestation juridique, cette derni\u00e8re n\u2019est plus un \u00e9l\u00e9ment de diff\u00e9renciation par rapport \u00e0 la concurrence<\/strong>. C\u2019est alors qu\u2019il est int\u00e9ressant d\u2019aller rechercher ailleurs des arguments qui peuvent faire pencher la balance&nbsp;: d\u2019o\u00f9 l\u2019enjeu de la relation client.<\/h2>\n\n\n\n<h3 class=\"wp-block-heading\"><strong>Que veut le client&nbsp;?<\/strong><\/h3>\n\n\n\n<p><br>Plus de proximit\u00e9, de r\u00e9activit\u00e9, de suivi, de transparence sur les honoraires, de simplicit\u00e9 dans l\u2019ex\u00e9cution, des p\u00e9rim\u00e8tres d\u2019intervention diff\u00e9rents en fonction des sujets et des enjeux\u2026 La mobilit\u00e9, le travail en \u00e9quipe ou encore l\u2019automatisation des t\u00e2ches \u00e0 faible valeur ajout\u00e9e. Trop longtemps, les clients se sont dit qu\u2019ils devaient s\u2019adapter \u00e0 la mani\u00e8re dont travaillait tel ou tel avocat ou cabinet. Ce temps-l\u00e0 n\u2019est plus. C\u2019est au cabinet d\u2019\u00e9couter le client, d\u2019int\u00e9grer ses pr\u00e9f\u00e9rences, les particularit\u00e9s de son organisation et d\u2019adapter le service du cabinet en fonction.<\/p>\n\n\n\n<p>Dans un article publi\u00e9 cette semaine par le magazine D\u00e9cideurs, <strong>le cabinet SVZ (Sekri Valentin Zerrouk) explique la mani\u00e8re dont le cabinet a mis en place une plateforme collaborative et une offre de nouveaux services pour ses clients (1).<\/strong> L\u2019outil mis en place porte le nom de MySVZ. Selon Jean-Marie Valentin, \u00ab&nbsp;Les clients y composeront leur espace sur mesure o\u00f9, dossier par dossier, il pourront activer partout dans le monde les meilleurs sp\u00e9cialistes, travailler sur les m\u00eames documents, contr\u00f4ler l\u2019avanc\u00e9e des travaux, disposer d\u2019un classement de tous les fichiers avec des mises \u00e0 jour de ces documents types, consulter en temps r\u00e9el un aper\u00e7u de la consommation des heures factur\u00e9es, donner leur niveau de satisfaction, effectuer les signatures \u00e0 distance, tout cela depuis leur portable, tablette, ordinateur&nbsp;\u00bb.<\/p>\n\n\n\n<p><strong>L\u2019exemple m\u00e9rite qu\u2019on s\u2019y arr\u00eate.<\/strong> En soi, le travail et les outils collaboratifs entre les cabinets d\u2019avocats et leurs clients ne sont pas nouveaux. En revanche, ce qu\u2019il l\u2019est, c\u2019est l\u2019utilisation de ces outils comme objet de communication du cabinet vis-\u00e0-vis du public et de clients potentiels. Peut-\u00eatre que les cabinets chez qui ces outils existaient d\u00e9j\u00e0 se demanderont pourquoi ils ne les ont pas davantage int\u00e9gr\u00e9s dans leur strat\u00e9gie de communication. Ils auront raison de se poser la question et il n\u2019est sans doute pas trop tard pour r\u00e9agir.<\/p>\n\n\n\n<p><strong>Sur le plan de la strat\u00e9gie de la communication,<\/strong> une approche centr\u00e9e sur le service plut\u00f4t que sur l\u2019expertise juridique (m\u00eame si l\u2019un n\u2019est pas exclusif de l\u2019autre) ouvre un oc\u00e9an de possibilit\u00e9s. En effet, la notion de service pr\u00e9sente des aspects quantifiables tels que l\u2019\u00e9conomie de temps, les gains de productivit\u00e9 que le client peut appr\u00e9cier de mani\u00e8re tangible. La communication porte en cons\u00e9quence une promesse moins abstraite. De mani\u00e8re g\u00e9n\u00e9rale, la proposition du cabinet devient porteuse d\u2019\u00e9l\u00e9ments concrets et plus seulement de d\u00e9clarations sur une valeur intellectuelle.<\/p>\n\n\n\n<p><strong>Il ne s\u2019agit pas de substituer l\u2019assistance technologique ou l\u2019\u00e9conomie de r\u00e9seaux \u00e0 la prestation juridique. Il s\u2019agit de jouer sur de nouveaux arguments dans un march\u00e9 o\u00f9 les facteurs de diff\u00e9renciation restent un d\u00e9fi.<\/strong><\/p>\n\n\n\n<hr class=\"wp-block-separator has-css-opacity\"\/>\n\n\n\n<h4 class=\"wp-block-heading\">Pour aller plus loin<\/h4>\n\n\n\n<p>(1) <a href=\"http:\/\/www.magazine-decideurs.com\/news\/jean-marie-valentin-svz-cela-change-le-sens-de-la-relation-client\" target=\"_blank\" rel=\"noreferrer noopener\">www.magazine-decideurs.com\/news\/jean-marie-valentin-svz-cela-change-le-sens-de-la-relation-client<\/a><\/p>\n","protected":false},"author":11,"featured_media":0,"template":"","categories":[466],"tags":[24,34,28],"class_list":["post-1923","wilo","type-wilo","status-publish","hentry","category-digital-seo","tag-avocats","tag-digital","tag-marketing"],"acf":[],"yoast_head":"<!-- This site is optimized with the Yoast SEO plugin v27.3 - https:\/\/yoast.com\/product\/yoast-seo-wordpress\/ -->\n<title>Du marketing de la relation client<\/title>\n<meta name=\"description\" content=\"Quand les cabinets ma\u00eetrisent la prestation juridique, cette derni\u00e8re n\u2019est plus un \u00e9l\u00e9ment de diff\u00e9renciation par rapport \u00e0 la concurrence.\" \/>\n<meta name=\"robots\" content=\"index, follow, max-snippet:-1, max-image-preview:large, max-video-preview:-1\" \/>\n<link rel=\"canonical\" href=\"https:\/\/www.eliott-markus.com\/wilo\/du-marketing-de-la-relation-client\/\" \/>\n<meta property=\"og:locale\" content=\"en_US\" \/>\n<meta property=\"og:type\" content=\"article\" \/>\n<meta property=\"og:title\" content=\"Du marketing de la relation client\" \/>\n<meta property=\"og:description\" content=\"Quand les cabinets ma\u00eetrisent la prestation juridique, cette derni\u00e8re n\u2019est plus un \u00e9l\u00e9ment de diff\u00e9renciation par rapport \u00e0 la concurrence.\" \/>\n<meta property=\"og:url\" content=\"https:\/\/www.eliott-markus.com\/wilo\/du-marketing-de-la-relation-client\/\" \/>\n<meta property=\"og:site_name\" content=\"eliott &amp; markus\" \/>\n<meta property=\"article:modified_time\" content=\"2023-11-13T13:55:51+00:00\" \/>\n<meta name=\"twitter:card\" content=\"summary_large_image\" \/>\n<meta name=\"twitter:label1\" content=\"Est. reading time\" \/>\n\t<meta name=\"twitter:data1\" content=\"3 minutes\" \/>\n<!-- \/ Yoast SEO plugin. -->","yoast_head_json":{"title":"Du marketing de la relation client","description":"Quand les cabinets ma\u00eetrisent la prestation juridique, cette derni\u00e8re n\u2019est plus un \u00e9l\u00e9ment de diff\u00e9renciation par rapport \u00e0 la concurrence.","robots":{"index":"index","follow":"follow","max-snippet":"max-snippet:-1","max-image-preview":"max-image-preview:large","max-video-preview":"max-video-preview:-1"},"canonical":"https:\/\/www.eliott-markus.com\/wilo\/du-marketing-de-la-relation-client\/","og_locale":"en_US","og_type":"article","og_title":"Du marketing de la relation client","og_description":"Quand les cabinets ma\u00eetrisent la prestation juridique, cette derni\u00e8re n\u2019est plus un \u00e9l\u00e9ment de diff\u00e9renciation par rapport \u00e0 la concurrence.","og_url":"https:\/\/www.eliott-markus.com\/wilo\/du-marketing-de-la-relation-client\/","og_site_name":"eliott &amp; markus","article_modified_time":"2023-11-13T13:55:51+00:00","twitter_card":"summary_large_image","twitter_misc":{"Est. reading time":"3 minutes"},"schema":{"@context":"https:\/\/schema.org","@graph":[{"@type":"WebPage","@id":"https:\/\/www.eliott-markus.com\/wilo\/du-marketing-de-la-relation-client\/","url":"https:\/\/www.eliott-markus.com\/wilo\/du-marketing-de-la-relation-client\/","name":"Du marketing de la relation client","isPartOf":{"@id":"https:\/\/www.eliott-markus.com\/#website"},"datePublished":"2016-06-28T15:34:26+00:00","dateModified":"2023-11-13T13:55:51+00:00","description":"Quand les cabinets ma\u00eetrisent la prestation juridique, cette derni\u00e8re n\u2019est plus un \u00e9l\u00e9ment de diff\u00e9renciation par rapport \u00e0 la concurrence.","inLanguage":"en-US","potentialAction":[{"@type":"ReadAction","target":["https:\/\/www.eliott-markus.com\/wilo\/du-marketing-de-la-relation-client\/"]}]},{"@type":"WebSite","@id":"https:\/\/www.eliott-markus.com\/#website","url":"https:\/\/www.eliott-markus.com\/","name":"eliott & markus","description":"","publisher":{"@id":"https:\/\/www.eliott-markus.com\/#organization"},"potentialAction":[{"@type":"SearchAction","target":{"@type":"EntryPoint","urlTemplate":"https:\/\/www.eliott-markus.com\/?s={search_term_string}"},"query-input":{"@type":"PropertyValueSpecification","valueRequired":true,"valueName":"search_term_string"}}],"inLanguage":"en-US"},{"@type":"Organization","@id":"https:\/\/www.eliott-markus.com\/#organization","name":"eliott & markus","url":"https:\/\/www.eliott-markus.com\/","logo":{"@type":"ImageObject","inLanguage":"en-US","@id":"https:\/\/www.eliott-markus.com\/#\/schema\/logo\/image\/","url":"https:\/\/www.eliott-markus.com\/wp-content\/uploads\/2023\/06\/cropped-em_fav_2-1.png","contentUrl":"https:\/\/www.eliott-markus.com\/wp-content\/uploads\/2023\/06\/cropped-em_fav_2-1.png","width":512,"height":512,"caption":"eliott & markus"},"image":{"@id":"https:\/\/www.eliott-markus.com\/#\/schema\/logo\/image\/"}}]}},"_links":{"self":[{"href":"https:\/\/www.eliott-markus.com\/en\/wp-json\/wp\/v2\/wilo\/1923","targetHints":{"allow":["GET"]}}],"collection":[{"href":"https:\/\/www.eliott-markus.com\/en\/wp-json\/wp\/v2\/wilo"}],"about":[{"href":"https:\/\/www.eliott-markus.com\/en\/wp-json\/wp\/v2\/types\/wilo"}],"author":[{"embeddable":true,"href":"https:\/\/www.eliott-markus.com\/en\/wp-json\/wp\/v2\/users\/11"}],"version-history":[{"count":3,"href":"https:\/\/www.eliott-markus.com\/en\/wp-json\/wp\/v2\/wilo\/1923\/revisions"}],"predecessor-version":[{"id":4918,"href":"https:\/\/www.eliott-markus.com\/en\/wp-json\/wp\/v2\/wilo\/1923\/revisions\/4918"}],"wp:attachment":[{"href":"https:\/\/www.eliott-markus.com\/en\/wp-json\/wp\/v2\/media?parent=1923"}],"wp:term":[{"taxonomy":"category","embeddable":true,"href":"https:\/\/www.eliott-markus.com\/en\/wp-json\/wp\/v2\/categories?post=1923"},{"taxonomy":"post_tag","embeddable":true,"href":"https:\/\/www.eliott-markus.com\/en\/wp-json\/wp\/v2\/tags?post=1923"}],"curies":[{"name":"wp","href":"https:\/\/api.w.org\/{rel}","templated":true}]}}

<h2 class="wp-block-heading"><strong>Quand les cabinets maîtrisent la prestation juridique, cette dernière n’est plus un élément de différenciation par rapport à la concurrence</strong>. C’est alors qu’il est intéressant d’aller rechercher ailleurs des arguments qui peuvent faire pencher la balance&nbsp;: d’où l’enjeu de la relation client.</h2>



<h3 class="wp-block-heading"><strong>Que veut le client&nbsp;?</strong></h3>



<p><br>Plus de proximité, de réactivité, de suivi, de transparence sur les honoraires, de simplicité dans l’exécution, des périmètres d’intervention différents en fonction des sujets et des enjeux… La mobilité, le travail en équipe ou encore l’automatisation des tâches à faible valeur ajoutée. Trop longtemps, les clients se sont dit qu’ils devaient s’adapter à la manière dont travaillait tel ou tel avocat ou cabinet. Ce temps-là n’est plus. C’est au cabinet d’écouter le client, d’intégrer ses préférences, les particularités de son organisation et d’adapter le service du cabinet en fonction.</p>



<p>Dans un article publié cette semaine par le magazine Décideurs, <strong>le cabinet SVZ (Sekri Valentin Zerrouk) explique la manière dont le cabinet a mis en place une plateforme collaborative et une offre de nouveaux services pour ses clients (1).</strong> L’outil mis en place porte le nom de MySVZ. Selon Jean-Marie Valentin, «&nbsp;Les clients y composeront leur espace sur mesure où, dossier par dossier, il pourront activer partout dans le monde les meilleurs spécialistes, travailler sur les mêmes documents, contrôler l’avancée des travaux, disposer d’un classement de tous les fichiers avec des mises à jour de ces documents types, consulter en temps réel un aperçu de la consommation des heures facturées, donner leur niveau de satisfaction, effectuer les signatures à distance, tout cela depuis leur portable, tablette, ordinateur&nbsp;».</p>



<p><strong>L’exemple mérite qu’on s’y arrête.</strong> En soi, le travail et les outils collaboratifs entre les cabinets d’avocats et leurs clients ne sont pas nouveaux. En revanche, ce qu’il l’est, c’est l’utilisation de ces outils comme objet de communication du cabinet vis-à-vis du public et de clients potentiels. Peut-être que les cabinets chez qui ces outils existaient déjà se demanderont pourquoi ils ne les ont pas davantage intégrés dans leur stratégie de communication. Ils auront raison de se poser la question et il n’est sans doute pas trop tard pour réagir.</p>



<p><strong>Sur le plan de la stratégie de la communication,</strong> une approche centrée sur le service plutôt que sur l’expertise juridique (même si l’un n’est pas exclusif de l’autre) ouvre un océan de possibilités. En effet, la notion de service présente des aspects quantifiables tels que l’économie de temps, les gains de productivité que le client peut apprécier de manière tangible. La communication porte en conséquence une promesse moins abstraite. De manière générale, la proposition du cabinet devient porteuse d’éléments concrets et plus seulement de déclarations sur une valeur intellectuelle.</p>



<p><strong>Il ne s’agit pas de substituer l’assistance technologique ou l’économie de réseaux à la prestation juridique. Il s’agit de jouer sur de nouveaux arguments dans un marché où les facteurs de différenciation restent un défi.</strong></p>



<hr class="wp-block-separator has-css-opacity"/>



<h4 class="wp-block-heading">Pour aller plus loin</h4>



<p>(1) <a href="http://www.magazine-decideurs.com/news/jean-marie-valentin-svz-cela-change-le-sens-de-la-relation-client" target="_blank" rel="noreferrer noopener">www.magazine-decideurs.com/news/jean-marie-valentin-svz-cela-change-le-sens-de-la-relation-client</a></p>

<!-- This site is optimized with the Yoast SEO plugin v27.3 - https://yoast.com/product/yoast-seo-wordpress/ -->
<title>Du marketing de la relation client</title>
<meta name="description" content="Quand les cabinets maîtrisent la prestation juridique, cette dernière n’est plus un élément de différenciation par rapport à la concurrence." />
<meta name="robots" content="index, follow, max-snippet:-1, max-image-preview:large, max-video-preview:-1" />
<link rel="canonical" href="https://www.eliott-markus.com/wilo/du-marketing-de-la-relation-client/" />
<meta property="og:locale" content="en_US" />
<meta property="og:type" content="article" />
<meta property="og:title" content="Du marketing de la relation client" />
<meta property="og:description" content="Quand les cabinets maîtrisent la prestation juridique, cette dernière n’est plus un élément de différenciation par rapport à la concurrence." />
<meta property="og:url" content="https://www.eliott-markus.com/wilo/du-marketing-de-la-relation-client/" />
<meta property="og:site_name" content="eliott &amp; markus" />
<meta property="article:modified_time" content="2023-11-13T13:55:51+00:00" />
<meta name="twitter:card" content="summary_large_image" />
<meta name="twitter:label1" content="Est. reading time" />
	<meta name="twitter:data1" content="3 minutes" />
<!-- / Yoast SEO plugin. -->

Quand les cabinets maîtrisent la prestation juridique, cette dernière n’est plus un élément de différenciation par rapport à la concurrence.
