{"id":1942,"date":"2016-02-16T15:33:14","date_gmt":"2016-02-16T15:33:14","guid":{"rendered":"https:\/\/www.eliott-markus.com\/wilo\/do-you-speak-interprofessionnalite-il-reste-moins-de-60-jours-pour-sy-mettre\/"},"modified":"2023-06-22T15:59:19","modified_gmt":"2023-06-22T15:59:19","slug":"do-you-speak-interprofessionnalite-il-reste-moins-de-60-jours-pour-sy-mettre","status":"publish","type":"wilo","link":"https:\/\/www.eliott-markus.com\/en\/wilo\/do-you-speak-interprofessionnalite-il-reste-moins-de-60-jours-pour-sy-mettre\/","title":{"rendered":"Do you speak interprofessionnalit\u00e9 ? Il reste moins de 60 jours pour s\u2019y mettre."},"content":{"rendered":"\n<h2 class=\"wp-block-heading\">La loi \u00ab\u00a0Macron\u00a0\u00bb annonce l\u2019arriv\u00e9e, pour le printemps 2016, de soci\u00e9t\u00e9s d\u2019exercice \u00a0interprofessionnelles. En effet, l\u2019article 65-2\u00b0 de la loi dispose que le Gouvernement est autoris\u00e9 \u00e0 prendre par ordonnances, dans un d\u00e9lai de huit mois, les mesures pour faciliter la cr\u00e9ation de soci\u00e9t\u00e9s ayant pour objet l\u2019exercice en commun de plusieurs professions. La loi date du 6 ao\u00fbt\u20268 et 8 font 16. Les ordonnances sont donc pour le mois d\u2019avril\u2026. autrement dit demain.<\/h2>\n\n\n\n<p>Qui est concern\u00e9\u00a0? Ce sont les professions d\u2019avocat, avocat au Conseil d\u2019Etat et \u00e0 la Cour de cassation, commissaire-priseur judiciaire, huissier de justice, notaire, administrateur judiciaire, mandataire judiciaire, conseil en propri\u00e9t\u00e9 industrielle et expert-comptable.<\/p>\n\n\n\n<p>Une pratique restructuring associant des administrateurs judiciaires et des avocats. Des notaires associ\u00e9s \u00e0 des avocats pour des prestations d\u2019ing\u00e9nierie patrimoniale\u2026 nous ne serons plus dans les limites de la collaboration ponctuelle. Ces services\u00a0 pourront \u00eatre propos\u00e9s par une m\u00eame soci\u00e9t\u00e9 int\u00e9grant des membres de plusieurs professions r\u00e9glement\u00e9es.<\/p>\n\n\n\n<p>Les implications d\u00e9passent largement le cadre op\u00e9rationnel. Elles sont strat\u00e9giques. Quelles sont les nouvelles offres qui emporteront l\u2019adh\u00e9sion du march\u00e9\u00a0? Une fois le cadre juridique mis en place, comment promouvoir ces prestations\u00a0? Comment les expliquer \u00e0 une client\u00e8le qui a l\u2019habitude de traiter avec une mosa\u00efque de professionnels diff\u00e9rents\u00a0? L\u2019exercice interprofessionnel, c\u2019est aussi un nouveau chapitre qui s\u2019ouvre en mati\u00e8re de communication et de d\u00e9veloppement.<\/p>\n","protected":false},"author":11,"featured_media":0,"template":"","categories":[211],"tags":[24,45,102,44],"class_list":["post-1942","wilo","type-wilo","status-publish","hentry","category-metiers","tag-avocats","tag-business-development","tag-skills","tag-strategie"],"acf":[],"yoast_head":"<!-- This site is optimized with the Yoast SEO plugin v27.3 - https:\/\/yoast.com\/product\/yoast-seo-wordpress\/ -->\n<title>Do you speak interprofessionnalit\u00e9 ? Il reste moins de 60 jours pour s\u2019y mettre.<\/title>\n<meta name=\"description\" content=\"La loi \u00ab Macron \u00bb annonce l\u2019arriv\u00e9e, pour le printemps 2016, de soci\u00e9t\u00e9s d\u2019exercice interprofessionnelles.\" \/>\n<meta name=\"robots\" content=\"index, follow, max-snippet:-1, max-image-preview:large, max-video-preview:-1\" \/>\n<link rel=\"canonical\" href=\"https:\/\/www.eliott-markus.com\/wilo\/do-you-speak-interprofessionnalite-il-reste-moins-de-60-jours-pour-sy-mettre\/\" \/>\n<meta property=\"og:locale\" content=\"en_US\" \/>\n<meta property=\"og:type\" content=\"article\" \/>\n<meta property=\"og:title\" content=\"Do you speak interprofessionnalit\u00e9 ? Il reste moins de 60 jours pour s\u2019y mettre.\" \/>\n<meta property=\"og:description\" content=\"La loi \u00ab Macron \u00bb annonce l\u2019arriv\u00e9e, pour le printemps 2016, de soci\u00e9t\u00e9s d\u2019exercice interprofessionnelles.\" \/>\n<meta property=\"og:url\" content=\"https:\/\/www.eliott-markus.com\/wilo\/do-you-speak-interprofessionnalite-il-reste-moins-de-60-jours-pour-sy-mettre\/\" \/>\n<meta property=\"og:site_name\" content=\"eliott &amp; markus\" \/>\n<meta property=\"article:modified_time\" content=\"2023-06-22T15:59:19+00:00\" \/>\n<meta name=\"twitter:card\" content=\"summary_large_image\" \/>\n<meta name=\"twitter:label1\" content=\"Est. reading time\" \/>\n\t<meta name=\"twitter:data1\" content=\"1 minute\" \/>\n<!-- \/ Yoast SEO plugin. -->","yoast_head_json":{"title":"Do you speak interprofessionnalit\u00e9 ? Il reste moins de 60 jours pour s\u2019y mettre.","description":"La loi \u00ab Macron \u00bb annonce l\u2019arriv\u00e9e, pour le printemps 2016, de soci\u00e9t\u00e9s d\u2019exercice interprofessionnelles.","robots":{"index":"index","follow":"follow","max-snippet":"max-snippet:-1","max-image-preview":"max-image-preview:large","max-video-preview":"max-video-preview:-1"},"canonical":"https:\/\/www.eliott-markus.com\/wilo\/do-you-speak-interprofessionnalite-il-reste-moins-de-60-jours-pour-sy-mettre\/","og_locale":"en_US","og_type":"article","og_title":"Do you speak interprofessionnalit\u00e9 ? Il reste moins de 60 jours pour s\u2019y mettre.","og_description":"La loi \u00ab Macron \u00bb annonce l\u2019arriv\u00e9e, pour le printemps 2016, de soci\u00e9t\u00e9s d\u2019exercice interprofessionnelles.","og_url":"https:\/\/www.eliott-markus.com\/wilo\/do-you-speak-interprofessionnalite-il-reste-moins-de-60-jours-pour-sy-mettre\/","og_site_name":"eliott &amp; markus","article_modified_time":"2023-06-22T15:59:19+00:00","twitter_card":"summary_large_image","twitter_misc":{"Est. reading time":"1 minute"},"schema":{"@context":"https:\/\/schema.org","@graph":[{"@type":"WebPage","@id":"https:\/\/www.eliott-markus.com\/wilo\/do-you-speak-interprofessionnalite-il-reste-moins-de-60-jours-pour-sy-mettre\/","url":"https:\/\/www.eliott-markus.com\/wilo\/do-you-speak-interprofessionnalite-il-reste-moins-de-60-jours-pour-sy-mettre\/","name":"Do you speak interprofessionnalit\u00e9 ? Il reste moins de 60 jours pour s\u2019y mettre.","isPartOf":{"@id":"https:\/\/www.eliott-markus.com\/#website"},"datePublished":"2016-02-16T15:33:14+00:00","dateModified":"2023-06-22T15:59:19+00:00","description":"La loi \u00ab Macron \u00bb annonce l\u2019arriv\u00e9e, pour le printemps 2016, de soci\u00e9t\u00e9s d\u2019exercice interprofessionnelles.","inLanguage":"en-US","potentialAction":[{"@type":"ReadAction","target":["https:\/\/www.eliott-markus.com\/wilo\/do-you-speak-interprofessionnalite-il-reste-moins-de-60-jours-pour-sy-mettre\/"]}]},{"@type":"WebSite","@id":"https:\/\/www.eliott-markus.com\/#website","url":"https:\/\/www.eliott-markus.com\/","name":"eliott & markus","description":"","publisher":{"@id":"https:\/\/www.eliott-markus.com\/#organization"},"potentialAction":[{"@type":"SearchAction","target":{"@type":"EntryPoint","urlTemplate":"https:\/\/www.eliott-markus.com\/?s={search_term_string}"},"query-input":{"@type":"PropertyValueSpecification","valueRequired":true,"valueName":"search_term_string"}}],"inLanguage":"en-US"},{"@type":"Organization","@id":"https:\/\/www.eliott-markus.com\/#organization","name":"eliott & markus","url":"https:\/\/www.eliott-markus.com\/","logo":{"@type":"ImageObject","inLanguage":"en-US","@id":"https:\/\/www.eliott-markus.com\/#\/schema\/logo\/image\/","url":"https:\/\/www.eliott-markus.com\/wp-content\/uploads\/2023\/06\/cropped-em_fav_2-1.png","contentUrl":"https:\/\/www.eliott-markus.com\/wp-content\/uploads\/2023\/06\/cropped-em_fav_2-1.png","width":512,"height":512,"caption":"eliott & markus"},"image":{"@id":"https:\/\/www.eliott-markus.com\/#\/schema\/logo\/image\/"}}]}},"_links":{"self":[{"href":"https:\/\/www.eliott-markus.com\/en\/wp-json\/wp\/v2\/wilo\/1942","targetHints":{"allow":["GET"]}}],"collection":[{"href":"https:\/\/www.eliott-markus.com\/en\/wp-json\/wp\/v2\/wilo"}],"about":[{"href":"https:\/\/www.eliott-markus.com\/en\/wp-json\/wp\/v2\/types\/wilo"}],"author":[{"embeddable":true,"href":"https:\/\/www.eliott-markus.com\/en\/wp-json\/wp\/v2\/users\/11"}],"version-history":[{"count":1,"href":"https:\/\/www.eliott-markus.com\/en\/wp-json\/wp\/v2\/wilo\/1942\/revisions"}],"predecessor-version":[{"id":2347,"href":"https:\/\/www.eliott-markus.com\/en\/wp-json\/wp\/v2\/wilo\/1942\/revisions\/2347"}],"wp:attachment":[{"href":"https:\/\/www.eliott-markus.com\/en\/wp-json\/wp\/v2\/media?parent=1942"}],"wp:term":[{"taxonomy":"category","embeddable":true,"href":"https:\/\/www.eliott-markus.com\/en\/wp-json\/wp\/v2\/categories?post=1942"},{"taxonomy":"post_tag","embeddable":true,"href":"https:\/\/www.eliott-markus.com\/en\/wp-json\/wp\/v2\/tags?post=1942"}],"curies":[{"name":"wp","href":"https:\/\/api.w.org\/{rel}","templated":true}]}}

Do you speak interprofessionnalité ? Il reste moins de 60 jours pour s’y mettre.

<h2 class="wp-block-heading">La loi « Macron » annonce l’arrivée, pour le printemps 2016, de sociétés d’exercice  interprofessionnelles. En effet, l’article 65-2° de la loi dispose que le Gouvernement est autorisé à prendre par ordonnances, dans un délai de huit mois, les mesures pour faciliter la création de sociétés ayant pour objet l’exercice en commun de plusieurs professions. La loi date du 6 août…8 et 8 font 16. Les ordonnances sont donc pour le mois d’avril…. autrement dit demain.</h2>



<p>Qui est concerné ? Ce sont les professions d’avocat, avocat au Conseil d’Etat et à la Cour de cassation, commissaire-priseur judiciaire, huissier de justice, notaire, administrateur judiciaire, mandataire judiciaire, conseil en propriété industrielle et expert-comptable.</p>



<p>Une pratique restructuring associant des administrateurs judiciaires et des avocats. Des notaires associés à des avocats pour des prestations d’ingénierie patrimoniale… nous ne serons plus dans les limites de la collaboration ponctuelle. Ces services  pourront être proposés par une même société intégrant des membres de plusieurs professions réglementées.</p>



<p>Les implications dépassent largement le cadre opérationnel. Elles sont stratégiques. Quelles sont les nouvelles offres qui emporteront l’adhésion du marché ? Une fois le cadre juridique mis en place, comment promouvoir ces prestations ? Comment les expliquer à une clientèle qui a l’habitude de traiter avec une mosaïque de professionnels différents ? L’exercice interprofessionnel, c’est aussi un nouveau chapitre qui s’ouvre en matière de communication et de développement.</p>

<!-- This site is optimized with the Yoast SEO plugin v27.3 - https://yoast.com/product/yoast-seo-wordpress/ -->
<title>Do you speak interprofessionnalité ? Il reste moins de 60 jours pour s’y mettre.</title>
<meta name="description" content="La loi « Macron » annonce l’arrivée, pour le printemps 2016, de sociétés d’exercice interprofessionnelles." />
<meta name="robots" content="index, follow, max-snippet:-1, max-image-preview:large, max-video-preview:-1" />
<link rel="canonical" href="https://www.eliott-markus.com/wilo/do-you-speak-interprofessionnalite-il-reste-moins-de-60-jours-pour-sy-mettre/" />
<meta property="og:locale" content="en_US" />
<meta property="og:type" content="article" />
<meta property="og:title" content="Do you speak interprofessionnalité ? Il reste moins de 60 jours pour s’y mettre." />
<meta property="og:description" content="La loi « Macron » annonce l’arrivée, pour le printemps 2016, de sociétés d’exercice interprofessionnelles." />
<meta property="og:url" content="https://www.eliott-markus.com/wilo/do-you-speak-interprofessionnalite-il-reste-moins-de-60-jours-pour-sy-mettre/" />
<meta property="og:site_name" content="eliott &amp; markus" />
<meta property="article:modified_time" content="2023-06-22T15:59:19+00:00" />
<meta name="twitter:card" content="summary_large_image" />
<meta name="twitter:label1" content="Est. reading time" />
	<meta name="twitter:data1" content="1 minute" />
<!-- / Yoast SEO plugin. -->

La loi « Macron » annonce l’arrivée, pour le printemps 2016, de sociétés d’exercice interprofessionnelles.
