{"id":1945,"date":"2016-01-26T15:15:41","date_gmt":"2016-01-26T15:15:41","guid":{"rendered":"https:\/\/www.eliott-markus.com\/wilo\/pourquoi-utiliser-le-off\/"},"modified":"2023-11-13T13:52:57","modified_gmt":"2023-11-13T13:52:57","slug":"pourquoi-utiliser-le-off","status":"publish","type":"wilo","link":"https:\/\/www.eliott-markus.com\/en\/wilo\/pourquoi-utiliser-le-off\/","title":{"rendered":"Pourquoi utiliser le off ?"},"content":{"rendered":"\n<h2 class=\"wp-block-heading\"><strong>\u00ab\u00a0Off the record\u00a0\u00bb comme disent nos amis anglo-saxons. Voici un terme que toute personne interview\u00e9e et encore plus les professionnels du droit doivent assimiler. Ni codifi\u00e9, ni codifiable, le off est l\u2019un des outils les plus pris\u00e9s des journalistes.<\/strong><\/h2>\n\n\n\n<p>Dans un monde o\u00f9 certains ne pensent qu\u2019\u00e0 la retomb\u00e9e post-interview, d\u2019autres, \u00e0 raison, ont compris que les relations presse ne sont pas un outil \u00e0 court terme et jouent le jeu du off avec grand plaisir. Leur but\u00a0? Un simple consensus\u00a0: cr\u00e9er une relation de confiance avec leur interlocuteur.<\/p>\n\n\n\n<p>Relation \u00e9tablie, vous deviendrez l\u2019un des interlocuteurs voir l\u2019INTERLOCUTEUR r\u00e9f\u00e9rent du journaliste. Ce dernier pourra ainsi vous contacter directement pour \u00e9voquer un dossier ou pour recevoir un commentaire sur un deal en cours de closing. Cette relation, \u00e0 entretenir comme la prunelle de ses yeux, vous ouvrira les portes de nombreux m\u00e9dias.<\/p>\n\n\n\n<p>Assurez-vous juste d\u2019avoir un bon consultant m\u00e9dia qui g\u00e8re vos relations avec des journalistes de confiance.<\/p>\n","protected":false},"author":11,"featured_media":0,"template":"","categories":[468],"tags":[24,38,70,92,46],"class_list":["post-1945","wilo","type-wilo","status-publish","hentry","category-influence","tag-avocats","tag-communication","tag-conseil","tag-droit","tag-relations-presse"],"acf":[],"yoast_head":"<!-- This site is optimized with the Yoast SEO plugin v27.3 - https:\/\/yoast.com\/product\/yoast-seo-wordpress\/ -->\n<title>Pourquoi utiliser le off ?<\/title>\n<meta name=\"description\" content=\"\u00ab Off the record \u00bb comme disent nos amis anglo-saxons. Voici un terme que toute personne interview\u00e9e et encore plus les professionnels du droit\" \/>\n<meta name=\"robots\" content=\"index, follow, max-snippet:-1, max-image-preview:large, max-video-preview:-1\" \/>\n<link rel=\"canonical\" href=\"https:\/\/www.eliott-markus.com\/wilo\/pourquoi-utiliser-le-off\/\" \/>\n<meta property=\"og:locale\" content=\"en_US\" \/>\n<meta property=\"og:type\" content=\"article\" \/>\n<meta property=\"og:title\" content=\"Pourquoi utiliser le off ?\" \/>\n<meta property=\"og:description\" content=\"\u00ab Off the record \u00bb comme disent nos amis anglo-saxons. Voici un terme que toute personne interview\u00e9e et encore plus les professionnels du droit\" \/>\n<meta property=\"og:url\" content=\"https:\/\/www.eliott-markus.com\/wilo\/pourquoi-utiliser-le-off\/\" \/>\n<meta property=\"og:site_name\" content=\"eliott &amp; markus\" \/>\n<meta property=\"article:modified_time\" content=\"2023-11-13T13:52:57+00:00\" \/>\n<meta name=\"twitter:card\" content=\"summary_large_image\" \/>\n<meta name=\"twitter:label1\" content=\"Est. reading time\" \/>\n\t<meta name=\"twitter:data1\" content=\"1 minute\" \/>\n<!-- \/ Yoast SEO plugin. -->","yoast_head_json":{"title":"Pourquoi utiliser le off ?","description":"\u00ab Off the record \u00bb comme disent nos amis anglo-saxons. Voici un terme que toute personne interview\u00e9e et encore plus les professionnels du droit","robots":{"index":"index","follow":"follow","max-snippet":"max-snippet:-1","max-image-preview":"max-image-preview:large","max-video-preview":"max-video-preview:-1"},"canonical":"https:\/\/www.eliott-markus.com\/wilo\/pourquoi-utiliser-le-off\/","og_locale":"en_US","og_type":"article","og_title":"Pourquoi utiliser le off ?","og_description":"\u00ab Off the record \u00bb comme disent nos amis anglo-saxons. Voici un terme que toute personne interview\u00e9e et encore plus les professionnels du droit","og_url":"https:\/\/www.eliott-markus.com\/wilo\/pourquoi-utiliser-le-off\/","og_site_name":"eliott &amp; markus","article_modified_time":"2023-11-13T13:52:57+00:00","twitter_card":"summary_large_image","twitter_misc":{"Est. reading time":"1 minute"},"schema":{"@context":"https:\/\/schema.org","@graph":[{"@type":"WebPage","@id":"https:\/\/www.eliott-markus.com\/wilo\/pourquoi-utiliser-le-off\/","url":"https:\/\/www.eliott-markus.com\/wilo\/pourquoi-utiliser-le-off\/","name":"Pourquoi utiliser le off ?","isPartOf":{"@id":"https:\/\/www.eliott-markus.com\/#website"},"datePublished":"2016-01-26T15:15:41+00:00","dateModified":"2023-11-13T13:52:57+00:00","description":"\u00ab Off the record \u00bb comme disent nos amis anglo-saxons. Voici un terme que toute personne interview\u00e9e et encore plus les professionnels du droit","inLanguage":"en-US","potentialAction":[{"@type":"ReadAction","target":["https:\/\/www.eliott-markus.com\/wilo\/pourquoi-utiliser-le-off\/"]}]},{"@type":"WebSite","@id":"https:\/\/www.eliott-markus.com\/#website","url":"https:\/\/www.eliott-markus.com\/","name":"eliott & markus","description":"","publisher":{"@id":"https:\/\/www.eliott-markus.com\/#organization"},"potentialAction":[{"@type":"SearchAction","target":{"@type":"EntryPoint","urlTemplate":"https:\/\/www.eliott-markus.com\/?s={search_term_string}"},"query-input":{"@type":"PropertyValueSpecification","valueRequired":true,"valueName":"search_term_string"}}],"inLanguage":"en-US"},{"@type":"Organization","@id":"https:\/\/www.eliott-markus.com\/#organization","name":"eliott & markus","url":"https:\/\/www.eliott-markus.com\/","logo":{"@type":"ImageObject","inLanguage":"en-US","@id":"https:\/\/www.eliott-markus.com\/#\/schema\/logo\/image\/","url":"https:\/\/www.eliott-markus.com\/wp-content\/uploads\/2023\/06\/cropped-em_fav_2-1.png","contentUrl":"https:\/\/www.eliott-markus.com\/wp-content\/uploads\/2023\/06\/cropped-em_fav_2-1.png","width":512,"height":512,"caption":"eliott & markus"},"image":{"@id":"https:\/\/www.eliott-markus.com\/#\/schema\/logo\/image\/"}}]}},"_links":{"self":[{"href":"https:\/\/www.eliott-markus.com\/en\/wp-json\/wp\/v2\/wilo\/1945","targetHints":{"allow":["GET"]}}],"collection":[{"href":"https:\/\/www.eliott-markus.com\/en\/wp-json\/wp\/v2\/wilo"}],"about":[{"href":"https:\/\/www.eliott-markus.com\/en\/wp-json\/wp\/v2\/types\/wilo"}],"author":[{"embeddable":true,"href":"https:\/\/www.eliott-markus.com\/en\/wp-json\/wp\/v2\/users\/11"}],"version-history":[{"count":1,"href":"https:\/\/www.eliott-markus.com\/en\/wp-json\/wp\/v2\/wilo\/1945\/revisions"}],"predecessor-version":[{"id":2350,"href":"https:\/\/www.eliott-markus.com\/en\/wp-json\/wp\/v2\/wilo\/1945\/revisions\/2350"}],"wp:attachment":[{"href":"https:\/\/www.eliott-markus.com\/en\/wp-json\/wp\/v2\/media?parent=1945"}],"wp:term":[{"taxonomy":"category","embeddable":true,"href":"https:\/\/www.eliott-markus.com\/en\/wp-json\/wp\/v2\/categories?post=1945"},{"taxonomy":"post_tag","embeddable":true,"href":"https:\/\/www.eliott-markus.com\/en\/wp-json\/wp\/v2\/tags?post=1945"}],"curies":[{"name":"wp","href":"https:\/\/api.w.org\/{rel}","templated":true}]}}

<h2 class="wp-block-heading"><strong>« Off the record » comme disent nos amis anglo-saxons. Voici un terme que toute personne interviewée et encore plus les professionnels du droit doivent assimiler. Ni codifié, ni codifiable, le off est l’un des outils les plus prisés des journalistes.</strong></h2>



<p>Dans un monde où certains ne pensent qu’à la retombée post-interview, d’autres, à raison, ont compris que les relations presse ne sont pas un outil à court terme et jouent le jeu du off avec grand plaisir. Leur but ? Un simple consensus : créer une relation de confiance avec leur interlocuteur.</p>



<p>Relation établie, vous deviendrez l’un des interlocuteurs voir l’INTERLOCUTEUR référent du journaliste. Ce dernier pourra ainsi vous contacter directement pour évoquer un dossier ou pour recevoir un commentaire sur un deal en cours de closing. Cette relation, à entretenir comme la prunelle de ses yeux, vous ouvrira les portes de nombreux médias.</p>



<p>Assurez-vous juste d’avoir un bon consultant média qui gère vos relations avec des journalistes de confiance.</p>

<!-- This site is optimized with the Yoast SEO plugin v27.3 - https://yoast.com/product/yoast-seo-wordpress/ -->
<title>Pourquoi utiliser le off ?</title>
<meta name="description" content="« Off the record » comme disent nos amis anglo-saxons. Voici un terme que toute personne interviewée et encore plus les professionnels du droit" />
<meta name="robots" content="index, follow, max-snippet:-1, max-image-preview:large, max-video-preview:-1" />
<link rel="canonical" href="https://www.eliott-markus.com/wilo/pourquoi-utiliser-le-off/" />
<meta property="og:locale" content="en_US" />
<meta property="og:type" content="article" />
<meta property="og:title" content="Pourquoi utiliser le off ?" />
<meta property="og:description" content="« Off the record » comme disent nos amis anglo-saxons. Voici un terme que toute personne interviewée et encore plus les professionnels du droit" />
<meta property="og:url" content="https://www.eliott-markus.com/wilo/pourquoi-utiliser-le-off/" />
<meta property="og:site_name" content="eliott &amp; markus" />
<meta property="article:modified_time" content="2023-11-13T13:52:57+00:00" />
<meta name="twitter:card" content="summary_large_image" />
<meta name="twitter:label1" content="Est. reading time" />
	<meta name="twitter:data1" content="1 minute" />
<!-- / Yoast SEO plugin. -->

« Off the record » comme disent nos amis anglo-saxons. Voici un terme que toute personne interviewée et encore plus les professionnels du droit
