{"id":1949,"date":"2015-12-14T08:51:41","date_gmt":"2015-12-14T08:51:41","guid":{"rendered":"https:\/\/www.eliott-markus.com\/wilo\/developpement-des-cabinets-les-vrais-changements-de-la-loi-macron\/"},"modified":"2023-06-22T15:59:23","modified_gmt":"2023-06-22T15:59:23","slug":"developpement-des-cabinets-les-vrais-changements-de-la-loi-macron","status":"publish","type":"wilo","link":"https:\/\/www.eliott-markus.com\/en\/wilo\/developpement-des-cabinets-les-vrais-changements-de-la-loi-macron\/","title":{"rendered":"D\u00e9veloppement des cabinets : les vrais changements de la loi Macron"},"content":{"rendered":"\n<h2 class=\"wp-block-heading\">Les prises de participation via les SPFPL, la lente progression vers l\u2019interprofessionnalit\u00e9\u2026 nous connaissons ces sujets depuis des ann\u00e9es. La loi Macron est-elle un simple maillon suppl\u00e9mentaire dans une lente progression vers l\u2019ouverture de la profession d\u2019avocat\u00a0? Elle est bien plus que \u00e7a. La loi du 6 ao\u00fbt 2015 bouleverse la donne tant en mati\u00e8re de d\u00e9tention du capital des soci\u00e9t\u00e9s d\u2019exercice qu\u2019en faisant un pas de g\u00e9ant en introduisant de v\u00e9ritables soci\u00e9t\u00e9s d\u2019exercice interprofessionnelles (dont nous conna\u00eetrons les contours exacts avec la publication des ordonnances attendues au printemps 2016).<\/h2>\n\n\n\n<p>Le bouleversement le plus important se trouve probablement dans l\u2019article 67 de la loi qui cr\u00e9e un nouvel article 6 de la loi du 31 d\u00e9cembre 1990. D\u00e9sormais un cabinet d\u2019avocats peut \u00eatre majoritairement d\u00e9tenu par des avocats qui n\u2019y exercent pas. Cette nouveaut\u00e9 pourrait avoir un impact consid\u00e9rable sur la strat\u00e9gie de croissance des cabinets. Jusqu\u2019\u00e0 maintenant, le d\u00e9ploiement g\u00e9ographique des cabinets pouvait se faire par l\u2019ouverture de bureaux secondaires ou par des prises de participations minoritaires. Dans le premier cas, il faut une implication totale et une prise int\u00e9grale du risque de la part du cabinet qui cherche \u00e0 grandir. Dans le second cas, la d\u00e9tention d\u2019une minorit\u00e9 ne permet la ma\u00eetrise de sa strat\u00e9gie. Le peu d\u2019attractivit\u00e9 d\u2019une participation minoritaire dans un cabinet avocats explique que si peu de cabinets s\u2019y soient essay\u00e9s.<\/p>\n\n\n\n<p>Avec la loi Macron, un cabinet peut envisager de d\u00e9ployer une strat\u00e9gie de croissance consistant \u00e0 prendre le contr\u00f4le capitalistique d\u2019acteurs locaux tout en cr\u00e9ant un dispositif homog\u00e8ne tant en termes de pr\u00e9sentation du\/des cabinet(s) que de d\u00e9livrance du service. Il est \u00e9galement possible d\u2019envisager des op\u00e9rations de croissance externe par la prise de contr\u00f4le de cabinets de niche sans devoir pour autant int\u00e9grer ces activit\u00e9s. Une telle d\u00e9marche pourrait aussi \u00eatre envisag\u00e9e par un cabinet qui d\u00e9velopperait des activit\u00e9s \u00ab\u00a0low cost\u00a0\u00bb sans vouloir brouiller son image de marque.<\/p>\n\n\n\n<p>L\u2019avocat va pouvoir devenir un investisseur dans son propre march\u00e9. Il pourra engager son cabinet dans de nouvelles aventures \u00ab\u00a0filialis\u00e9es\u00a0\u00bb \u2026comme le font les entrepreneurs qui b\u00e2tissent des groupes autour de leur entreprise d\u2019origine.<\/p>\n","protected":false},"author":11,"featured_media":0,"template":"","categories":[211],"tags":[24,45,38],"class_list":["post-1949","wilo","type-wilo","status-publish","hentry","category-metiers","tag-avocats","tag-business-development","tag-communication"],"acf":[],"yoast_head":"<!-- This site is optimized with the Yoast SEO plugin v27.3 - https:\/\/yoast.com\/product\/yoast-seo-wordpress\/ -->\n<title>D\u00e9veloppement des cabinets : les vrais changements de la loi Macron<\/title>\n<meta name=\"description\" content=\"Les prises de participation via les SPFPL, la lente progression vers l\u2019interprofessionnalit\u00e9\u2026 nous connaissons ces sujets depuis des ann\u00e9es.\" \/>\n<meta name=\"robots\" content=\"index, follow, max-snippet:-1, max-image-preview:large, max-video-preview:-1\" \/>\n<link rel=\"canonical\" href=\"https:\/\/www.eliott-markus.com\/wilo\/developpement-des-cabinets-les-vrais-changements-de-la-loi-macron\/\" \/>\n<meta property=\"og:locale\" content=\"en_US\" \/>\n<meta property=\"og:type\" content=\"article\" \/>\n<meta property=\"og:title\" content=\"D\u00e9veloppement des cabinets : les vrais changements de la loi Macron\" \/>\n<meta property=\"og:description\" content=\"Les prises de participation via les SPFPL, la lente progression vers l\u2019interprofessionnalit\u00e9\u2026 nous connaissons ces sujets depuis des ann\u00e9es.\" \/>\n<meta property=\"og:url\" content=\"https:\/\/www.eliott-markus.com\/wilo\/developpement-des-cabinets-les-vrais-changements-de-la-loi-macron\/\" \/>\n<meta property=\"og:site_name\" content=\"eliott &amp; markus\" \/>\n<meta property=\"article:modified_time\" content=\"2023-06-22T15:59:23+00:00\" \/>\n<meta name=\"twitter:card\" content=\"summary_large_image\" \/>\n<meta name=\"twitter:label1\" content=\"Est. reading time\" \/>\n\t<meta name=\"twitter:data1\" content=\"2 minutes\" \/>\n<!-- \/ Yoast SEO plugin. -->","yoast_head_json":{"title":"D\u00e9veloppement des cabinets : les vrais changements de la loi Macron","description":"Les prises de participation via les SPFPL, la lente progression vers l\u2019interprofessionnalit\u00e9\u2026 nous connaissons ces sujets depuis des ann\u00e9es.","robots":{"index":"index","follow":"follow","max-snippet":"max-snippet:-1","max-image-preview":"max-image-preview:large","max-video-preview":"max-video-preview:-1"},"canonical":"https:\/\/www.eliott-markus.com\/wilo\/developpement-des-cabinets-les-vrais-changements-de-la-loi-macron\/","og_locale":"en_US","og_type":"article","og_title":"D\u00e9veloppement des cabinets : les vrais changements de la loi Macron","og_description":"Les prises de participation via les SPFPL, la lente progression vers l\u2019interprofessionnalit\u00e9\u2026 nous connaissons ces sujets depuis des ann\u00e9es.","og_url":"https:\/\/www.eliott-markus.com\/wilo\/developpement-des-cabinets-les-vrais-changements-de-la-loi-macron\/","og_site_name":"eliott &amp; markus","article_modified_time":"2023-06-22T15:59:23+00:00","twitter_card":"summary_large_image","twitter_misc":{"Est. reading time":"2 minutes"},"schema":{"@context":"https:\/\/schema.org","@graph":[{"@type":"WebPage","@id":"https:\/\/www.eliott-markus.com\/wilo\/developpement-des-cabinets-les-vrais-changements-de-la-loi-macron\/","url":"https:\/\/www.eliott-markus.com\/wilo\/developpement-des-cabinets-les-vrais-changements-de-la-loi-macron\/","name":"D\u00e9veloppement des cabinets : les vrais changements de la loi Macron","isPartOf":{"@id":"https:\/\/www.eliott-markus.com\/#website"},"datePublished":"2015-12-14T08:51:41+00:00","dateModified":"2023-06-22T15:59:23+00:00","description":"Les prises de participation via les SPFPL, la lente progression vers l\u2019interprofessionnalit\u00e9\u2026 nous connaissons ces sujets depuis des ann\u00e9es.","inLanguage":"en-US","potentialAction":[{"@type":"ReadAction","target":["https:\/\/www.eliott-markus.com\/wilo\/developpement-des-cabinets-les-vrais-changements-de-la-loi-macron\/"]}]},{"@type":"WebSite","@id":"https:\/\/www.eliott-markus.com\/#website","url":"https:\/\/www.eliott-markus.com\/","name":"eliott & markus","description":"","publisher":{"@id":"https:\/\/www.eliott-markus.com\/#organization"},"potentialAction":[{"@type":"SearchAction","target":{"@type":"EntryPoint","urlTemplate":"https:\/\/www.eliott-markus.com\/?s={search_term_string}"},"query-input":{"@type":"PropertyValueSpecification","valueRequired":true,"valueName":"search_term_string"}}],"inLanguage":"en-US"},{"@type":"Organization","@id":"https:\/\/www.eliott-markus.com\/#organization","name":"eliott & markus","url":"https:\/\/www.eliott-markus.com\/","logo":{"@type":"ImageObject","inLanguage":"en-US","@id":"https:\/\/www.eliott-markus.com\/#\/schema\/logo\/image\/","url":"https:\/\/www.eliott-markus.com\/wp-content\/uploads\/2023\/06\/cropped-em_fav_2-1.png","contentUrl":"https:\/\/www.eliott-markus.com\/wp-content\/uploads\/2023\/06\/cropped-em_fav_2-1.png","width":512,"height":512,"caption":"eliott & markus"},"image":{"@id":"https:\/\/www.eliott-markus.com\/#\/schema\/logo\/image\/"}}]}},"_links":{"self":[{"href":"https:\/\/www.eliott-markus.com\/en\/wp-json\/wp\/v2\/wilo\/1949","targetHints":{"allow":["GET"]}}],"collection":[{"href":"https:\/\/www.eliott-markus.com\/en\/wp-json\/wp\/v2\/wilo"}],"about":[{"href":"https:\/\/www.eliott-markus.com\/en\/wp-json\/wp\/v2\/types\/wilo"}],"author":[{"embeddable":true,"href":"https:\/\/www.eliott-markus.com\/en\/wp-json\/wp\/v2\/users\/11"}],"version-history":[{"count":1,"href":"https:\/\/www.eliott-markus.com\/en\/wp-json\/wp\/v2\/wilo\/1949\/revisions"}],"predecessor-version":[{"id":2354,"href":"https:\/\/www.eliott-markus.com\/en\/wp-json\/wp\/v2\/wilo\/1949\/revisions\/2354"}],"wp:attachment":[{"href":"https:\/\/www.eliott-markus.com\/en\/wp-json\/wp\/v2\/media?parent=1949"}],"wp:term":[{"taxonomy":"category","embeddable":true,"href":"https:\/\/www.eliott-markus.com\/en\/wp-json\/wp\/v2\/categories?post=1949"},{"taxonomy":"post_tag","embeddable":true,"href":"https:\/\/www.eliott-markus.com\/en\/wp-json\/wp\/v2\/tags?post=1949"}],"curies":[{"name":"wp","href":"https:\/\/api.w.org\/{rel}","templated":true}]}}

Développement des cabinets : les vrais changements de la loi Macron

<h2 class="wp-block-heading">Les prises de participation via les SPFPL, la lente progression vers l’interprofessionnalité… nous connaissons ces sujets depuis des années. La loi Macron est-elle un simple maillon supplémentaire dans une lente progression vers l’ouverture de la profession d’avocat ? Elle est bien plus que ça. La loi du 6 août 2015 bouleverse la donne tant en matière de détention du capital des sociétés d’exercice qu’en faisant un pas de géant en introduisant de véritables sociétés d’exercice interprofessionnelles (dont nous connaîtrons les contours exacts avec la publication des ordonnances attendues au printemps 2016).</h2>



<p>Le bouleversement le plus important se trouve probablement dans l’article 67 de la loi qui crée un nouvel article 6 de la loi du 31 décembre 1990. Désormais un cabinet d’avocats peut être majoritairement détenu par des avocats qui n’y exercent pas. Cette nouveauté pourrait avoir un impact considérable sur la stratégie de croissance des cabinets. Jusqu’à maintenant, le déploiement géographique des cabinets pouvait se faire par l’ouverture de bureaux secondaires ou par des prises de participations minoritaires. Dans le premier cas, il faut une implication totale et une prise intégrale du risque de la part du cabinet qui cherche à grandir. Dans le second cas, la détention d’une minorité ne permet la maîtrise de sa stratégie. Le peu d’attractivité d’une participation minoritaire dans un cabinet avocats explique que si peu de cabinets s’y soient essayés.</p>



<p>Avec la loi Macron, un cabinet peut envisager de déployer une stratégie de croissance consistant à prendre le contrôle capitalistique d’acteurs locaux tout en créant un dispositif homogène tant en termes de présentation du/des cabinet(s) que de délivrance du service. Il est également possible d’envisager des opérations de croissance externe par la prise de contrôle de cabinets de niche sans devoir pour autant intégrer ces activités. Une telle démarche pourrait aussi être envisagée par un cabinet qui développerait des activités « low cost » sans vouloir brouiller son image de marque.</p>



<p>L’avocat va pouvoir devenir un investisseur dans son propre marché. Il pourra engager son cabinet dans de nouvelles aventures « filialisées » …comme le font les entrepreneurs qui bâtissent des groupes autour de leur entreprise d’origine.</p>

<!-- This site is optimized with the Yoast SEO plugin v27.3 - https://yoast.com/product/yoast-seo-wordpress/ -->
<title>Développement des cabinets : les vrais changements de la loi Macron</title>
<meta name="description" content="Les prises de participation via les SPFPL, la lente progression vers l’interprofessionnalité… nous connaissons ces sujets depuis des années." />
<meta name="robots" content="index, follow, max-snippet:-1, max-image-preview:large, max-video-preview:-1" />
<link rel="canonical" href="https://www.eliott-markus.com/wilo/developpement-des-cabinets-les-vrais-changements-de-la-loi-macron/" />
<meta property="og:locale" content="en_US" />
<meta property="og:type" content="article" />
<meta property="og:title" content="Développement des cabinets : les vrais changements de la loi Macron" />
<meta property="og:description" content="Les prises de participation via les SPFPL, la lente progression vers l’interprofessionnalité… nous connaissons ces sujets depuis des années." />
<meta property="og:url" content="https://www.eliott-markus.com/wilo/developpement-des-cabinets-les-vrais-changements-de-la-loi-macron/" />
<meta property="og:site_name" content="eliott &amp; markus" />
<meta property="article:modified_time" content="2023-06-22T15:59:23+00:00" />
<meta name="twitter:card" content="summary_large_image" />
<meta name="twitter:label1" content="Est. reading time" />
	<meta name="twitter:data1" content="2 minutes" />
<!-- / Yoast SEO plugin. -->

Les prises de participation via les SPFPL, la lente progression vers l’interprofessionnalité… nous connaissons ces sujets depuis des années.
