{"id":2018,"date":"2021-06-07T11:09:48","date_gmt":"2021-06-07T11:09:48","guid":{"rendered":"https:\/\/www.eliott-markus.com\/wilo\/avocats-et-entrepreneuriat\/"},"modified":"2023-11-13T14:06:04","modified_gmt":"2023-11-13T14:06:04","slug":"avocats-et-entrepreneuriat","status":"publish","type":"wilo","link":"https:\/\/www.eliott-markus.com\/en\/wilo\/avocats-et-entrepreneuriat\/","title":{"rendered":"Avocats et entrepreneuriat : \u00ab toute la r\u00e9ussite d\u2019un lancement repose sur la viabilit\u00e9 globale du projet \u00bb"},"content":{"rendered":"\n<p>Temps de lecture&nbsp;: 3&#8243;<\/p>\n\n\n\n<h3 class=\"wp-block-heading\"><\/h3>\n\n\n\n<p>(Re)conqu\u00e9rir son ind\u00e9pendance, r\u00e9aliser ses ambitions ou relever de nouveaux d\u00e9fis&nbsp;: l\u2019aventure entrepreneuriale tente aujourd\u2019hui de plus en plus d\u2019avocats. <a rel=\"noreferrer noopener\" href=\"https:\/\/www.eliott-markus.com\/team\/guillaume-lemaire-van-kann\/\" target=\"_blank\">Guillaume Lemaire Van Kann<\/a>, directeur du d\u00e9veloppement et de la strat\u00e9gie chez <a rel=\"noreferrer noopener\" href=\"https:\/\/www.eliott-markus.com\/\" target=\"_blank\">Eliott &amp; Markus<\/a>, analyse cette tendance \u00e0 l\u2019entrepreneuriat et d\u00e9voile les fondamentaux de son accompagnement \u00ab&nbsp;Jump&nbsp;\u00bb, d\u00e9di\u00e9 \u00e0 cette nouvelle g\u00e9n\u00e9ration d\u2019avocats-entrepreneurs.<\/p>\n\n\n\n<h3 class=\"wp-block-heading\"><strong><strong>Comment expliquez-vous ce retour \u00e0 l\u2019entrepreneuriat ?<\/strong><\/strong><\/h3>\n\n\n\n<p>En discutant avec quelques-uns de ces entrepreneurs, je pense qu\u2019ils souhaitent revenir aux fondamentaux de leur profession. Ils veulent retrouver le contact direct avec leurs clients et surtout, vivre de leurs propres succ\u00e8s. C\u2019est l\u2019id\u00e9e que l\u2019on se fait de la profession lib\u00e9rale. En tout cas c\u2019est celle que je m\u2019en faisais quand je suis devenu avocat.&nbsp;<\/p>\n\n\n\n<p>Apr\u00e8s, l\u2019ambition n\u2019explique pas tout. Certains de ces avocats d\u00e9cident de se lancer apr\u00e8s de nombreuses ann\u00e9es dans des grands cabinets, simplement parce que l\u2019association ne leur \u00e9tait pas ouverte, ou parce qu\u2019ils n\u2019y trouvaient plus leur compte.<\/p>\n\n\n\n<h3 class=\"wp-block-heading\"><strong><strong>Quel est aujourd\u2019hui le plus gros risque de se lancer en solo&nbsp;?<\/strong><\/strong><\/h3>\n\n\n\n<p>Se lancer en solo, c\u2019est d\u00e9j\u00e0 un risque en soi. D\u00e9finir un business model viable, trouver un positionnement distinctif sur le march\u00e9, structurer son financement, pr\u00e9parer sa communication\u2026 Tous ces d\u00e9fis font partie de l\u2019aventure entrepreneuriale. Il n\u2019y a donc pas UN gros risque, mais bien une multitude d\u2019enjeux vari\u00e9s, qu\u2019il faut arriver \u00e0 identifier, \u00e0 solutionner et \u00e0 coordonner entre eux pour accoucher d\u2019un projet porteur.&nbsp;<\/p>\n\n\n\n<p>La temporalit\u00e9 est aussi un point fondamental pour se lancer. Trop t\u00f4t et vous risquez de produire un projet encore immature, ce qui aura des effets sur votre cr\u00e9dibilit\u00e9 au moment du lancement. Trop tard et vous risquez de rater votre <em>time-to-market<\/em>. Le march\u00e9 a son propre tempo et si vous laissez passer votre fen\u00eatre de tir, d\u2019autres en profiteront.<\/p>\n\n\n\n<h3 class=\"wp-block-heading\"><strong><strong><strong>A travers cet accompagnement \u00ab&nbsp;Jump&nbsp;\u00bb, que peut leur apporter Eliott &amp; Markus&nbsp;?<\/strong><\/strong><\/strong><\/h3>\n\n\n\n<p>Une r\u00e9ponse aux enjeux que je viens de citer. Comme je vous l\u2019ai dit, toute la r\u00e9ussite d\u2019un lancement repose sur la viabilit\u00e9 globale du projet. Aujourd\u2019hui, une simple plaque dans le hall ne suffit plus. Il vous faut penser strat\u00e9gie de marque, marketing de l\u2019offre, production de contenus, vitrine web, influence digitale, relations presse, r\u00e9f\u00e9rencement, et ainsi de suite.&nbsp;<\/p>\n\n\n\n<p>Eliott &amp; Markus a d\u00e9velopp\u00e9 depuis plus de 15 ans ces expertises, avec le prisme particulier des professions juridiques. Mais si nous nous adressions essentiellement \u00e0 des structures d\u00e9j\u00e0 \u00e9tablies, grandes ou moyennes, nous distillons aujourd\u2019hui une partie de ce savoir-faire pour ces avocats entrepreneurs qui souhaitent profiter de cet accompagnement \u00e0 360\u00b0.&nbsp;<\/p>\n\n\n\n<p>Toute la difficult\u00e9 pour monter cette offre a \u00e9t\u00e9 d\u2019arriver \u00e0 synth\u00e9tiser des expertises tr\u00e8s diverses, certaines plus chronophages ou plus on\u00e9reuses que d\u2019autres, en une proposition commerciale accessible et adapt\u00e9e \u00e0 ce type de projet. Je pense que nous y sommes arriv\u00e9s et vous verrez dans les mois et les ann\u00e9es \u00e0 venir de plus en plus de lancements de cabinets made in E&amp;M.&nbsp;&nbsp;<\/p>\n\n\n\n<h3 class=\"wp-block-heading\"><strong><strong><strong><strong>Que vous apportent en retour ces avocats-entrepreneurs&nbsp;?<\/strong><\/strong><\/strong><\/strong><\/h3>\n\n\n\n<p>Le premier b\u00e9n\u00e9fice, c\u2019est celui de l\u2019enrichissement mutuel. Aussi bien que nous les accompagnons sur des enjeux encore inconnus pour eux, ils nous apportent en retour un regard neuf sur la profession. Cette ouverture est fondamentale pour nous et fait partie int\u00e9grante de notre culture. Nous refusons de nous enfermer dans un entre-soi qui briderait notre vision du march\u00e9 et restons donc attentifs \u00e0 tous ces <em>game changers<\/em>, avec qui nous partageons un ADN commun.<\/p>\n\n\n\n<p>C\u00f4t\u00e9 commercial, il s\u2019agit plus d\u2019un investissement sur le long-terme. A court-terme, la rentabilit\u00e9 de ces projets est \u00e9videmment relative. Mais en acceptant de produire un peu plus que pr\u00e9vu, de se rendre un peu plus disponible, de mettre \u00e0 disposition notre r\u00e9seau, et surtout, de rassurer dans les moments difficiles, nous posons les bases d\u2019une relation saine et durable. Et qui sait&nbsp;? Vous aurez peut-\u00eatre aid\u00e9 le nouveau Gide ou le nouveau August Debouzy \u00e0 se lancer, ce qui n\u2019est pas anodin en termes de notori\u00e9t\u00e9.&nbsp;&nbsp;<\/p>\n\n\n\n<p>Le dernier b\u00e9n\u00e9fice concerne plus l\u2019interne et, je dois le dire, \u00e9tait assez inattendu. Je remarque que le courant passe tr\u00e8s vite entre nos \u00e9quipes cr\u00e9atives et ces entrepreneurs en herbe. Ils sont souvent de la m\u00eame g\u00e9n\u00e9ration, parlent le m\u00eame langage et ont la m\u00eame envie de relever de nouveaux d\u00e9fis, de changer la donne. Cela renforce la motivation en interne et quand il s\u2019agit de monter au front pour eux, tout le monde est sur le pont.<\/p>\n\n\n\n<p><\/p>\n\n\n\n<p><\/p>\n","protected":false},"author":11,"featured_media":1272,"template":"","categories":[223],"tags":[24,281,267,266],"class_list":["post-2018","wilo","type-wilo","status-publish","has-post-thumbnail","hentry","category-strategie","tag-avocats","tag-creation","tag-jump","tag-lancement"],"acf":[],"yoast_head":"<!-- This site is optimized with the Yoast SEO plugin v27.3 - https:\/\/yoast.com\/product\/yoast-seo-wordpress\/ -->\n<title>Avocats et entrepreneuriat : \u00ab toute la r\u00e9ussite d\u2019un lancement repose sur la viabilit\u00e9 globale du projet. \u00bb<\/title>\n<meta name=\"description\" content=\"Aujourd\u2019hui, une simple plaque dans le hall ne suffit plus. Il vous faut penser strat\u00e9gie de marque, marketing de l\u2019offre, production de contenus, vitrine web, influence digitale, relations presse, r\u00e9f\u00e9rencement, et ainsi de suite.\" \/>\n<meta name=\"robots\" content=\"index, follow, max-snippet:-1, max-image-preview:large, max-video-preview:-1\" \/>\n<link rel=\"canonical\" href=\"https:\/\/www.eliott-markus.com\/wilo\/avocats-et-entrepreneuriat\/\" \/>\n<meta property=\"og:locale\" content=\"en_US\" \/>\n<meta property=\"og:type\" content=\"article\" \/>\n<meta property=\"og:title\" content=\"Avocats et entrepreneuriat : \u00ab toute la r\u00e9ussite d\u2019un lancement repose sur la viabilit\u00e9 globale du projet. \u00bb\" \/>\n<meta property=\"og:description\" content=\"Aujourd\u2019hui, une simple plaque dans le hall ne suffit plus. Il vous faut penser strat\u00e9gie de marque, marketing de l\u2019offre, production de contenus, vitrine web, influence digitale, relations presse, r\u00e9f\u00e9rencement, et ainsi de suite.\" \/>\n<meta property=\"og:url\" content=\"https:\/\/www.eliott-markus.com\/wilo\/avocats-et-entrepreneuriat\/\" \/>\n<meta property=\"og:site_name\" content=\"eliott &amp; markus\" \/>\n<meta property=\"article:modified_time\" content=\"2023-11-13T14:06:04+00:00\" \/>\n<meta property=\"og:image\" content=\"https:\/\/www.eliott-markus.com\/wp-content\/uploads\/2023\/06\/Wilo_interviews-17.jpg\" \/>\n\t<meta property=\"og:image:width\" content=\"1500\" \/>\n\t<meta property=\"og:image:height\" content=\"792\" \/>\n\t<meta property=\"og:image:type\" content=\"image\/jpeg\" \/>\n<meta name=\"twitter:card\" content=\"summary_large_image\" \/>\n<meta name=\"twitter:label1\" content=\"Est. reading time\" \/>\n\t<meta name=\"twitter:data1\" content=\"4 minutes\" \/>\n<!-- \/ Yoast SEO plugin. -->","yoast_head_json":{"title":"Avocats et entrepreneuriat : \u00ab toute la r\u00e9ussite d\u2019un lancement repose sur la viabilit\u00e9 globale du projet. \u00bb","description":"Aujourd\u2019hui, une simple plaque dans le hall ne suffit plus. Il vous faut penser strat\u00e9gie de marque, marketing de l\u2019offre, production de contenus, vitrine web, influence digitale, relations presse, r\u00e9f\u00e9rencement, et ainsi de suite.","robots":{"index":"index","follow":"follow","max-snippet":"max-snippet:-1","max-image-preview":"max-image-preview:large","max-video-preview":"max-video-preview:-1"},"canonical":"https:\/\/www.eliott-markus.com\/wilo\/avocats-et-entrepreneuriat\/","og_locale":"en_US","og_type":"article","og_title":"Avocats et entrepreneuriat : \u00ab toute la r\u00e9ussite d\u2019un lancement repose sur la viabilit\u00e9 globale du projet. \u00bb","og_description":"Aujourd\u2019hui, une simple plaque dans le hall ne suffit plus. Il vous faut penser strat\u00e9gie de marque, marketing de l\u2019offre, production de contenus, vitrine web, influence digitale, relations presse, r\u00e9f\u00e9rencement, et ainsi de suite.","og_url":"https:\/\/www.eliott-markus.com\/wilo\/avocats-et-entrepreneuriat\/","og_site_name":"eliott &amp; markus","article_modified_time":"2023-11-13T14:06:04+00:00","og_image":[{"width":1500,"height":792,"url":"https:\/\/www.eliott-markus.com\/wp-content\/uploads\/2023\/06\/Wilo_interviews-17.jpg","type":"image\/jpeg"}],"twitter_card":"summary_large_image","twitter_misc":{"Est. reading time":"4 minutes"},"schema":{"@context":"https:\/\/schema.org","@graph":[{"@type":"WebPage","@id":"https:\/\/www.eliott-markus.com\/wilo\/avocats-et-entrepreneuriat\/","url":"https:\/\/www.eliott-markus.com\/wilo\/avocats-et-entrepreneuriat\/","name":"Avocats et entrepreneuriat : \u00ab toute la r\u00e9ussite d\u2019un lancement repose sur la viabilit\u00e9 globale du projet. \u00bb","isPartOf":{"@id":"https:\/\/www.eliott-markus.com\/#website"},"primaryImageOfPage":{"@id":"https:\/\/www.eliott-markus.com\/wilo\/avocats-et-entrepreneuriat\/#primaryimage"},"image":{"@id":"https:\/\/www.eliott-markus.com\/wilo\/avocats-et-entrepreneuriat\/#primaryimage"},"thumbnailUrl":"https:\/\/www.eliott-markus.com\/wp-content\/uploads\/2023\/06\/Wilo_interviews-17.jpg","datePublished":"2021-06-07T11:09:48+00:00","dateModified":"2023-11-13T14:06:04+00:00","description":"Aujourd\u2019hui, une simple plaque dans le hall ne suffit plus. Il vous faut penser strat\u00e9gie de marque, marketing de l\u2019offre, production de contenus, vitrine web, influence digitale, relations presse, r\u00e9f\u00e9rencement, et ainsi de suite.","inLanguage":"en-US","potentialAction":[{"@type":"ReadAction","target":["https:\/\/www.eliott-markus.com\/wilo\/avocats-et-entrepreneuriat\/"]}]},{"@type":"ImageObject","inLanguage":"en-US","@id":"https:\/\/www.eliott-markus.com\/wilo\/avocats-et-entrepreneuriat\/#primaryimage","url":"https:\/\/www.eliott-markus.com\/wp-content\/uploads\/2023\/06\/Wilo_interviews-17.jpg","contentUrl":"https:\/\/www.eliott-markus.com\/wp-content\/uploads\/2023\/06\/Wilo_interviews-17.jpg","width":1500,"height":792},{"@type":"WebSite","@id":"https:\/\/www.eliott-markus.com\/#website","url":"https:\/\/www.eliott-markus.com\/","name":"eliott & markus","description":"","publisher":{"@id":"https:\/\/www.eliott-markus.com\/#organization"},"potentialAction":[{"@type":"SearchAction","target":{"@type":"EntryPoint","urlTemplate":"https:\/\/www.eliott-markus.com\/?s={search_term_string}"},"query-input":{"@type":"PropertyValueSpecification","valueRequired":true,"valueName":"search_term_string"}}],"inLanguage":"en-US"},{"@type":"Organization","@id":"https:\/\/www.eliott-markus.com\/#organization","name":"eliott & markus","url":"https:\/\/www.eliott-markus.com\/","logo":{"@type":"ImageObject","inLanguage":"en-US","@id":"https:\/\/www.eliott-markus.com\/#\/schema\/logo\/image\/","url":"https:\/\/www.eliott-markus.com\/wp-content\/uploads\/2023\/06\/cropped-em_fav_2-1.png","contentUrl":"https:\/\/www.eliott-markus.com\/wp-content\/uploads\/2023\/06\/cropped-em_fav_2-1.png","width":512,"height":512,"caption":"eliott & markus"},"image":{"@id":"https:\/\/www.eliott-markus.com\/#\/schema\/logo\/image\/"}}]}},"_links":{"self":[{"href":"https:\/\/www.eliott-markus.com\/en\/wp-json\/wp\/v2\/wilo\/2018","targetHints":{"allow":["GET"]}}],"collection":[{"href":"https:\/\/www.eliott-markus.com\/en\/wp-json\/wp\/v2\/wilo"}],"about":[{"href":"https:\/\/www.eliott-markus.com\/en\/wp-json\/wp\/v2\/types\/wilo"}],"author":[{"embeddable":true,"href":"https:\/\/www.eliott-markus.com\/en\/wp-json\/wp\/v2\/users\/11"}],"version-history":[{"count":4,"href":"https:\/\/www.eliott-markus.com\/en\/wp-json\/wp\/v2\/wilo\/2018\/revisions"}],"predecessor-version":[{"id":4483,"href":"https:\/\/www.eliott-markus.com\/en\/wp-json\/wp\/v2\/wilo\/2018\/revisions\/4483"}],"wp:featuredmedia":[{"embeddable":true,"href":"https:\/\/www.eliott-markus.com\/en\/wp-json\/wp\/v2\/media\/1272"}],"wp:attachment":[{"href":"https:\/\/www.eliott-markus.com\/en\/wp-json\/wp\/v2\/media?parent=2018"}],"wp:term":[{"taxonomy":"category","embeddable":true,"href":"https:\/\/www.eliott-markus.com\/en\/wp-json\/wp\/v2\/categories?post=2018"},{"taxonomy":"post_tag","embeddable":true,"href":"https:\/\/www.eliott-markus.com\/en\/wp-json\/wp\/v2\/tags?post=2018"}],"curies":[{"name":"wp","href":"https:\/\/api.w.org\/{rel}","templated":true}]}}

Avocats et entrepreneuriat : « toute la réussite d’un lancement repose sur la viabilité globale du projet »

<p>Temps de lecture&nbsp;: 3&#8243;</p>



<h3 class="wp-block-heading"></h3>



<p>(Re)conquérir son indépendance, réaliser ses ambitions ou relever de nouveaux défis&nbsp;: l’aventure entrepreneuriale tente aujourd’hui de plus en plus d’avocats. <a rel="noreferrer noopener" href="https://www.eliott-markus.com/team/guillaume-lemaire-van-kann/" target="_blank">Guillaume Lemaire Van Kann</a>, directeur du développement et de la stratégie chez <a rel="noreferrer noopener" href="https://www.eliott-markus.com/" target="_blank">Eliott &amp; Markus</a>, analyse cette tendance à l’entrepreneuriat et dévoile les fondamentaux de son accompagnement «&nbsp;Jump&nbsp;», dédié à cette nouvelle génération d’avocats-entrepreneurs.</p>



<h3 class="wp-block-heading"><strong><strong>Comment expliquez-vous ce retour à l’entrepreneuriat ?</strong></strong></h3>



<p>En discutant avec quelques-uns de ces entrepreneurs, je pense qu’ils souhaitent revenir aux fondamentaux de leur profession. Ils veulent retrouver le contact direct avec leurs clients et surtout, vivre de leurs propres succès. C’est l’idée que l’on se fait de la profession libérale. En tout cas c’est celle que je m’en faisais quand je suis devenu avocat.&nbsp;</p>



<p>Après, l’ambition n’explique pas tout. Certains de ces avocats décident de se lancer après de nombreuses années dans des grands cabinets, simplement parce que l’association ne leur était pas ouverte, ou parce qu’ils n’y trouvaient plus leur compte.</p>



<h3 class="wp-block-heading"><strong><strong>Quel est aujourd’hui le plus gros risque de se lancer en solo&nbsp;?</strong></strong></h3>



<p>Se lancer en solo, c’est déjà un risque en soi. Définir un business model viable, trouver un positionnement distinctif sur le marché, structurer son financement, préparer sa communication… Tous ces défis font partie de l’aventure entrepreneuriale. Il n’y a donc pas UN gros risque, mais bien une multitude d’enjeux variés, qu’il faut arriver à identifier, à solutionner et à coordonner entre eux pour accoucher d’un projet porteur.&nbsp;</p>



<p>La temporalité est aussi un point fondamental pour se lancer. Trop tôt et vous risquez de produire un projet encore immature, ce qui aura des effets sur votre crédibilité au moment du lancement. Trop tard et vous risquez de rater votre <em>time-to-market</em>. Le marché a son propre tempo et si vous laissez passer votre fenêtre de tir, d’autres en profiteront.</p>



<h3 class="wp-block-heading"><strong><strong><strong>A travers cet accompagnement «&nbsp;Jump&nbsp;», que peut leur apporter Eliott &amp; Markus&nbsp;?</strong></strong></strong></h3>



<p>Une réponse aux enjeux que je viens de citer. Comme je vous l’ai dit, toute la réussite d’un lancement repose sur la viabilité globale du projet. Aujourd’hui, une simple plaque dans le hall ne suffit plus. Il vous faut penser stratégie de marque, marketing de l’offre, production de contenus, vitrine web, influence digitale, relations presse, référencement, et ainsi de suite.&nbsp;</p>



<p>Eliott &amp; Markus a développé depuis plus de 15 ans ces expertises, avec le prisme particulier des professions juridiques. Mais si nous nous adressions essentiellement à des structures déjà établies, grandes ou moyennes, nous distillons aujourd’hui une partie de ce savoir-faire pour ces avocats entrepreneurs qui souhaitent profiter de cet accompagnement à 360°.&nbsp;</p>



<p>Toute la difficulté pour monter cette offre a été d’arriver à synthétiser des expertises très diverses, certaines plus chronophages ou plus onéreuses que d’autres, en une proposition commerciale accessible et adaptée à ce type de projet. Je pense que nous y sommes arrivés et vous verrez dans les mois et les années à venir de plus en plus de lancements de cabinets made in E&amp;M.&nbsp;&nbsp;</p>



<h3 class="wp-block-heading"><strong><strong><strong><strong>Que vous apportent en retour ces avocats-entrepreneurs&nbsp;?</strong></strong></strong></strong></h3>



<p>Le premier bénéfice, c’est celui de l’enrichissement mutuel. Aussi bien que nous les accompagnons sur des enjeux encore inconnus pour eux, ils nous apportent en retour un regard neuf sur la profession. Cette ouverture est fondamentale pour nous et fait partie intégrante de notre culture. Nous refusons de nous enfermer dans un entre-soi qui briderait notre vision du marché et restons donc attentifs à tous ces <em>game changers</em>, avec qui nous partageons un ADN commun.</p>



<p>Côté commercial, il s’agit plus d’un investissement sur le long-terme. A court-terme, la rentabilité de ces projets est évidemment relative. Mais en acceptant de produire un peu plus que prévu, de se rendre un peu plus disponible, de mettre à disposition notre réseau, et surtout, de rassurer dans les moments difficiles, nous posons les bases d’une relation saine et durable. Et qui sait&nbsp;? Vous aurez peut-être aidé le nouveau Gide ou le nouveau August Debouzy à se lancer, ce qui n’est pas anodin en termes de notoriété.&nbsp;&nbsp;</p>



<p>Le dernier bénéfice concerne plus l’interne et, je dois le dire, était assez inattendu. Je remarque que le courant passe très vite entre nos équipes créatives et ces entrepreneurs en herbe. Ils sont souvent de la même génération, parlent le même langage et ont la même envie de relever de nouveaux défis, de changer la donne. Cela renforce la motivation en interne et quand il s’agit de monter au front pour eux, tout le monde est sur le pont.</p>



<p></p>



<p></p>

<!-- This site is optimized with the Yoast SEO plugin v27.3 - https://yoast.com/product/yoast-seo-wordpress/ -->
<title>Avocats et entrepreneuriat : « toute la réussite d’un lancement repose sur la viabilité globale du projet. »</title>
<meta name="description" content="Aujourd’hui, une simple plaque dans le hall ne suffit plus. Il vous faut penser stratégie de marque, marketing de l’offre, production de contenus, vitrine web, influence digitale, relations presse, référencement, et ainsi de suite." />
<meta name="robots" content="index, follow, max-snippet:-1, max-image-preview:large, max-video-preview:-1" />
<link rel="canonical" href="https://www.eliott-markus.com/wilo/avocats-et-entrepreneuriat/" />
<meta property="og:locale" content="en_US" />
<meta property="og:type" content="article" />
<meta property="og:title" content="Avocats et entrepreneuriat : « toute la réussite d’un lancement repose sur la viabilité globale du projet. »" />
<meta property="og:description" content="Aujourd’hui, une simple plaque dans le hall ne suffit plus. Il vous faut penser stratégie de marque, marketing de l’offre, production de contenus, vitrine web, influence digitale, relations presse, référencement, et ainsi de suite." />
<meta property="og:url" content="https://www.eliott-markus.com/wilo/avocats-et-entrepreneuriat/" />
<meta property="og:site_name" content="eliott &amp; markus" />
<meta property="article:modified_time" content="2023-11-13T14:06:04+00:00" />
<meta property="og:image" content="https://www.eliott-markus.com/wp-content/uploads/2023/06/Wilo_interviews-17.jpg" />
	<meta property="og:image:width" content="1500" />
	<meta property="og:image:height" content="792" />
	<meta property="og:image:type" content="image/jpeg" />
<meta name="twitter:card" content="summary_large_image" />
<meta name="twitter:label1" content="Est. reading time" />
	<meta name="twitter:data1" content="4 minutes" />
<!-- / Yoast SEO plugin. -->

Avocats et entrepreneuriat : « toute la réussite d’un lancement repose sur la viabilité globale du projet. »

Aujourd’hui, une simple plaque dans le hall ne suffit plus. Il vous faut penser stratégie de marque, marketing de l’offre, production de contenus, vitrine web, influence digitale, relations presse, référencement, et ainsi de suite.
